000
CDUS42 KFFC 260820
CLIFTY


CLIMATE REPORT
NATIONAL WEATHER SERVICE PEACHTREE CITY GA
419 AM EDT SAT MAY 26 2018


...................................

...THE FULTON COUNTY AIRPORT CLIMATE SUMMARY FOR MAY 25 2018...

CLIMATE NORMAL PERIOD 1981 TO 2010
CLIMATE RECORD PERIOD 9999 TO 9999


WEATHER ITEM   OBSERVED TIME   RECORD YEAR NORMAL DEPARTURE LAST
                VALUE   (LST)  VALUE       VALUE  FROM      YEAR
                                                  NORMAL
..................................................................
TEMPERATURE (F)
 YESTERDAY
  MAXIMUM         84    513 PM  MM      MM  83      1       74
  MINIMUM         71    558 AM  MM      MM  61     10       57
  AVERAGE         78                        72      6       66

PRECIPITATION (IN)
  YESTERDAY        T            MM      MM   0.12  -0.12     0.04
  MONTH TO DATE    5.88                      3.06   2.82     3.53
  SINCE MAR 1     14.54                     11.61   2.93    11.74
  SINCE JAN 1     21.92                     20.78   1.14    19.79

DEGREE DAYS
 COOLING
  YESTERDAY       13                         7      6        1
  MONTH TO DATE  205                       113     92      140
  SINCE MAR 1    220                       152     68      279
  SINCE JAN 1    240                       152     88      279
..................................................................


WIND (MPH)
  RESULTANT WIND SPEED   5   RESULTANT WIND DIRECTION   E (90)
  HIGHEST WIND SPEED    12   HIGHEST WIND DIRECTION    SE (150)
  HIGHEST GUST SPEED    14   HIGHEST GUST DIRECTION     S (160)
  AVERAGE WIND SPEED     5.7


SKY COVER
  AVERAGE SKY COVER 0.7


WEATHER CONDITIONS
 THE FOLLOWING WEATHER WAS RECORDED YESTERDAY.
  LIGHT RAIN


RELATIVE HUMIDITY (PERCENT)
 HIGHEST   100          1200 AM
 LOWEST     65           500 PM
 AVERAGE    83

..........................................................


THE FULTON COUNTY AIRPORT CLIMATE NORMALS FOR TODAY
                         NORMAL    RECORD    YEAR
 MAXIMUM TEMPERATURE (F)   83        MM        MM
 MINIMUM TEMPERATURE (F)   61        MM        MM


SUNRISE AND SUNSET
MAY 26 2018...........SUNRISE   631 AM EDT   SUNSET   840 PM EDT
MAY 27 2018...........SUNRISE   630 AM EDT   SUNSET   841 PM EDT


-  INDICATES NEGATIVE NUMBERS.
R  INDICATES RECORD WAS SET OR TIED.
MM INDICATES DATA IS MISSING.
T  INDICATES TRACE AMOUNT.




$$
