000
CDUS46 KSGX 270035
CLIFUL


CLIMATE REPORT
NATIONAL WEATHER SERVICE SAN DIEGO, CA
534 PM PDT THU APR 26 2018


...................................

...THE FULLERTON AIRPORT CA CLIMATE SUMMARY FOR APRIL 26 2018...
VALID TODAY AS OF 0500 PM LOCAL TIME.

CLIMATE NORMAL PERIOD 1981 TO 2010
CLIMATE RECORD PERIOD 1998 TO 2018


WEATHER ITEM   OBSERVED TIME   RECORD YEAR NORMAL DEPARTURE LAST
                VALUE   (LST)  VALUE       VALUE  FROM      YEAR
                                                  NORMAL
..................................................................
TEMPERATURE (F)
 TODAY
  MAXIMUM         72    200 PM 101    2004  74     -2       77
  MINIMUM         56    204 AM  49    2009  54      2       59
  AVERAGE         64                        64      0       68

PRECIPITATION (IN)
  TODAY            0.00          0.09 2002   0.03  -0.03     0.00
  MONTH TO DATE    0.02                      0.77  -0.75     0.03
  SINCE OCT 1      3.07                     13.11 -10.04    16.37
  SINCE JAN 1      2.99                      9.21  -6.22    10.46

DEGREE DAYS
 HEATING
  TODAY            1                         2     -1        0
  MONTH TO DATE   30                        94    -64       15
  SINCE MAR 1    162                       264   -102       72
  SINCE JUL 1    612                      1186   -574      769

 COOLING
  TODAY            0                         2     -2        3
  MONTH TO DATE   52                        25     27       66
  SINCE MAR 1     55                        38     17      104
  SINCE JAN 1     92                        47     45      107
..................................................................


WIND (MPH)
  RESULTANT WIND SPEED   2   RESULTANT WIND DIRECTION   S (200)
  HIGHEST WIND SPEED    12   HIGHEST WIND DIRECTION    SW (210)
  HIGHEST GUST SPEED    16   HIGHEST GUST DIRECTION    SW (210)
  AVERAGE WIND SPEED     2.4


SKY COVER
  POSSIBLE SUNSHINE  MM
  AVERAGE SKY COVER 0.5


WEATHER CONDITIONS
 THE FOLLOWING WEATHER WAS RECORDED TODAY.
  HAZE


RELATIVE HUMIDITY (PERCENT)
 HIGHEST    86          1200 AM
 LOWEST     53          1200 PM
 AVERAGE    70

..........................................................


THE FULLERTON AIRPORT CA CLIMATE NORMALS FOR TOMORROW
                         NORMAL    RECORD    YEAR
 MAXIMUM TEMPERATURE (F)   74       102      2008
                                             2004
 MINIMUM TEMPERATURE (F)   55        52      2003


SUNRISE AND SUNSET
APRIL 26 2018.........SUNRISE   608 AM PDT   SUNSET   732 PM PDT
APRIL 27 2018.........SUNRISE   607 AM PDT   SUNSET   732 PM PDT


-  INDICATES NEGATIVE NUMBERS.
R  INDICATES RECORD WAS SET OR TIED.
MM INDICATES DATA IS MISSING.
T  INDICATES TRACE AMOUNT.




$$
