000
CDUS43 KUNR 200831
CLIGCC


CLIMATE REPORT
NATIONAL WEATHER SERVICE RAPID CITY SD
231 AM MDT FRI APR 20 2018


...................................

...THE GILLETTE AIRPORT WY CLIMATE SUMMARY FOR APRIL 19 2018...

CLIMATE NORMAL PERIOD 1981 TO 2010
CLIMATE RECORD PERIOD 9999 TO 9999


WEATHER ITEM   OBSERVED TIME   NORMAL DEPARTURE LAST
                VALUE   (LST)  VALUE  FROM      YEAR
                                      NORMAL
......................................................
TEMPERATURE (F)
 YESTERDAY
  MAXIMUM         59    237 PM  57      2       52
  MINIMUM         32   1250 AM  31      1       32
  AVERAGE         46            44      2       42

PRECIPITATION (IN)
  YESTERDAY        0.00          0.05  -0.05     1.05
  MONTH TO DATE    0.70          0.74  -0.04     1.83
  SINCE MAR 1      2.56          1.70   0.86     2.62
  SINCE JAN 1      4.35          2.48   1.87     3.46

DEGREE DAYS
 HEATING
  YESTERDAY       19            21     -2       23
  MONTH TO DATE  531           457     74      387
  SINCE MAR 1   1435          1396     39     1092
  SINCE JUL 1   6919          6804    115     5849

 COOLING
  YESTERDAY        0             0      0        0
  MONTH TO DATE    0             0      0        0
  SINCE MAR 1      0             0      0        0
  SINCE JAN 1      0             0      0        0
......................................................


WIND (MPH)
  HIGHEST WIND SPEED    31   HIGHEST WIND DIRECTION    SE (140)
  HIGHEST GUST SPEED    38   HIGHEST GUST DIRECTION    SE (120)
  AVERAGE WIND SPEED    19.5


SKY COVER
  AVERAGE SKY COVER 0.0


WEATHER CONDITIONS
 THE FOLLOWING WEATHER WAS RECORDED YESTERDAY.
  NO SIGNIFICANT WEATHER WAS OBSERVED.


RELATIVE HUMIDITY (PERCENT)
 HIGHEST    70           300 AM
 LOWEST     30           200 PM
 AVERAGE    50

..........................................................




SUNRISE AND SUNSET
APRIL 20 2018.........SUNRISE   610 AM MDT   SUNSET   753 PM MDT
APRIL 21 2018.........SUNRISE   608 AM MDT   SUNSET   754 PM MDT


-  INDICATES NEGATIVE NUMBERS.
R  INDICATES RECORD WAS SET OR TIED.
MM INDICATES DATA IS MISSING.
T  INDICATES TRACE AMOUNT.




$$
