000
CDUS43 KDDC 262326
CLIGCK


CLIMATE REPORT
NATIONAL WEATHER SERVICE DODGE CITY KS
625 PM CDT THU APR 26 2018


...................................

...THE GARDEN CITY REGIONAL ARPT KS CLIMATE SUMMARY FOR APRIL 26 2018...
VALID TODAY AS OF 0500 PM LOCAL TIME.

CLIMATE NORMAL PERIOD 1981 TO 2010
CLIMATE RECORD PERIOD 1948 TO 2018


WEATHER ITEM   OBSERVED TIME   RECORD YEAR NORMAL DEPARTURE LAST
                VALUE   (LST)  VALUE       VALUE  FROM      YEAR
                                                  NORMAL
..................................................................
TEMPERATURE (F)
 TODAY
  MAXIMUM         65    358 PM  94    1956  71     -6       59
  MINIMUM         33    619 AM  27    2006  43    -10       36
  AVERAGE         49                        57     -8       48

PRECIPITATION (IN)
  TODAY            0.00          0.62 1951   0.07  -0.07     0.00
  MONTH TO DATE    0.40                      1.45  -1.05     1.49
  SINCE MAR 1      0.78                      2.91  -2.13     3.99
  SINCE JAN 1      0.78                      3.79  -3.01     5.28

DEGREE DAYS
 HEATING
  TODAY           16                         9      7       17
  MONTH TO DATE  487                       341    146      245
  SINCE MAR 1   1065                      1005     60      755
  SINCE JUL 1   4949                      5029    -80     4229

 COOLING
  TODAY            0                         1     -1        0
  MONTH TO DATE    1                         7     -6       29
  SINCE MAR 1      5                         7     -2       37
  SINCE JAN 1      5                         7     -2       37
..................................................................


WIND (MPH)
  HIGHEST WIND SPEED    36   HIGHEST WIND DIRECTION     N (10)
  HIGHEST GUST SPEED    49   HIGHEST GUST DIRECTION     N (10)
  AVERAGE WIND SPEED    14.0



WEATHER CONDITIONS
 THE FOLLOWING WEATHER WAS RECORDED TODAY.
  NO SIGNIFICANT WEATHER WAS OBSERVED.


RELATIVE HUMIDITY (PERCENT)
 HIGHEST    96           500 AM
 LOWEST     34           400 PM
 AVERAGE    65

..........................................................


THE GARDEN CITY REGIONAL ARPT KS CLIMATE NORMALS FOR TOMORROW
                         NORMAL    RECORD    YEAR
 MAXIMUM TEMPERATURE (F)   71        94      1981
 MINIMUM TEMPERATURE (F)   43        27      1984


SUNRISE AND SUNSET
APRIL 26 2018.........SUNRISE   653 AM CDT   SUNSET   829 PM CDT
APRIL 27 2018.........SUNRISE   652 AM CDT   SUNSET   830 PM CDT


-  INDICATES NEGATIVE NUMBERS.
R  INDICATES RECORD WAS SET OR TIED.
MM INDICATES DATA IS MISSING.
T  INDICATES TRACE AMOUNT.




$$
