000
CDUS45 KGGW 260752
CLIGGW


CLIMATE REPORT
NATIONAL WEATHER SERVICE GLASGOW MT
151 AM MDT THU APR 26 2018


...................................

...THE GLASGOW MT CLIMATE SUMMARY FOR APRIL 25 2018...

CLIMATE NORMAL PERIOD 1981 TO 2010
CLIMATE RECORD PERIOD 1893 TO 2018


WEATHER ITEM   OBSERVED TIME   RECORD YEAR NORMAL DEPARTURE LAST
                VALUE   (LST)  VALUE       VALUE  FROM      YEAR
                                                  NORMAL
..................................................................
TEMPERATURE (F)
 YESTERDAY
  MAXIMUM         69    350 PM  91    1952  62      7       45
  MINIMUM         36    503 AM  13    2002  35      1       29
  AVERAGE         53                        48      5       37

PRECIPITATION (IN)
  YESTERDAY        T             1.03 1998   0.04  -0.04      T
  MONTH TO DATE    0.38                      0.66  -0.28     0.46
  SINCE OCT 1      4.57                      3.26   1.31     5.50
  SINCE JAN 1      2.77                      1.71   1.06     1.97

SNOWFALL (IN)
  YESTERDAY        0.0           1.7  2016   0.0    0.0      0.0
  MONTH TO DATE    5.6                       1.7    3.9      0.0
  SINCE MAR 1     25.3                       6.4   18.9      6.2
  SINCE JUL 1     63.4                      33.4   30.0     37.7
  SNOW DEPTH       0

DEGREE DAYS
 HEATING
  YESTERDAY       12                        17     -5       28
  MONTH TO DATE  713                       524    189      489
  SINCE MAR 1   1978                      1558    420     1444
  SINCE JUL 1   8844                      7928    916     7551

 COOLING
  YESTERDAY        0                         0      0        0
  MONTH TO DATE    0                         0      0        0
  SINCE MAR 1      0                         0      0        0
  SINCE JAN 1      0                         0      0        0
..................................................................


WIND (MPH)
  HIGHEST WIND SPEED    31   HIGHEST WIND DIRECTION     N (340)
  HIGHEST GUST SPEED    39   HIGHEST GUST DIRECTION     N (350)
  AVERAGE WIND SPEED    11.9


SKY COVER
  POSSIBLE SUNSHINE  MM
  AVERAGE SKY COVER 0.1


WEATHER CONDITIONS
 THE FOLLOWING WEATHER WAS RECORDED YESTERDAY.
  LIGHT RAIN


RELATIVE HUMIDITY (PERCENT)
 HIGHEST    79           600 AM
 LOWEST     19           400 PM
 AVERAGE    49

..........................................................


THE GLASGOW MT CLIMATE NORMALS FOR TODAY
                         NORMAL    RECORD    YEAR
 MAXIMUM TEMPERATURE (F)   62        93      1952
 MINIMUM TEMPERATURE (F)   35        17      1931


SUNRISE AND SUNSET
APRIL 26 2018.........SUNRISE   556 AM MDT   SUNSET   813 PM MDT
APRIL 27 2018.........SUNRISE   554 AM MDT   SUNSET   815 PM MDT


-  INDICATES NEGATIVE NUMBERS.
R  INDICATES RECORD WAS SET OR TIED.
MM INDICATES DATA IS MISSING.
T  INDICATES TRACE AMOUNT.




$$
