704
CDUS44 KJAN 230907
CLIGLH


CLIMATE REPORT
NATIONAL WEATHER SERVICE JACKSON MS
402 AM CDT WED MAY 23 2018


...................................

...THE GREENVILLE CLIMATE SUMMARY FOR MAY 22 2018...

CLIMATE NORMAL PERIOD 1981 TO 2010
CLIMATE RECORD PERIOD 1903 TO 2018


WEATHER ITEM   OBSERVED TIME   RECORD YEAR NORMAL DEPARTURE LAST
                VALUE   (LST)  VALUE       VALUE  FROM      YEAR
                                                  NORMAL
..................................................................
TEMPERATURE (F)
 YESTERDAY
  MAXIMUM         87    320 PM  94    1972  84      3       70
                                      1970
                                      1956
  MINIMUM         68   1236 AM  49    1929  64      4       60
  AVERAGE         78                        74      4       65

PRECIPITATION (IN)
  YESTERDAY        0.00          3.58 1974   0.14  -0.14     0.03
  MONTH TO DATE    1.47                      3.76  -2.29     0.84
  SINCE MAR 1     12.04                     13.12  -1.08     7.50
  SINCE JAN 1     25.03                     23.11   1.92    15.53

SNOWFALL (IN)
  YESTERDAY        0.0

DEGREE DAYS
 HEATING
  YESTERDAY        0                         0      0        0
  MONTH TO DATE    0                        10    -10       17
  SINCE MAR 1    464                       462      2      294
  SINCE JUL 1   2677                      2771    -94     1827

 COOLING
  YESTERDAY       13                         9      4        0
  MONTH TO DATE  250                       147    103      133
  SINCE MAR 1    286                       228     58      299
  SINCE JAN 1    308                       233     75      328
..................................................................


WIND (MPH)
  HIGHEST WIND SPEED    10   HIGHEST WIND DIRECTION    NE (60)
  HIGHEST GUST SPEED    13   HIGHEST GUST DIRECTION    NE (30)
  AVERAGE WIND SPEED     2.8


SKY COVER
  POSSIBLE SUNSHINE  MM
  AVERAGE SKY COVER 0.1


WEATHER CONDITIONS
 THE FOLLOWING WEATHER WAS RECORDED YESTERDAY.
  NO SIGNIFICANT WEATHER WAS OBSERVED.


RELATIVE HUMIDITY (PERCENT)
 HIGHEST    97           200 AM
 LOWEST     50           200 PM
 AVERAGE    74

..........................................................


THE GREENVILLE CLIMATE NORMALS FOR TODAY
                         NORMAL    RECORD    YEAR
 MAXIMUM TEMPERATURE (F)   84        94      1972
                                             1941
                                             1918
 MINIMUM TEMPERATURE (F)   64        48      1963


SUNRISE AND SUNSET
MAY 23 2018...........SUNRISE   559 AM CDT   SUNSET   803 PM CDT
MAY 24 2018...........SUNRISE   558 AM CDT   SUNSET   804 PM CDT


-  INDICATES NEGATIVE NUMBERS.
R  INDICATES RECORD WAS SET OR TIED.
MM INDICATES DATA IS MISSING.
T  INDICATES TRACE AMOUNT.




$$
