000
CDUS44 KHGX 210719
CLIGLS


CLIMATE REPORT
NATIONAL WEATHER SERVICE HOUSTON/GALVESTON TX
219 AM CDT SAT APR 21 2018


...................................

...THE GALVESTON CLIMATE SUMMARY FOR APRIL 20 2018...

CLIMATE NORMAL PERIOD 1981 TO 2010
CLIMATE RECORD PERIOD 1875 TO 2018


WEATHER ITEM   OBSERVED TIME   RECORD YEAR NORMAL DEPARTURE LAST
                VALUE   (LST)  VALUE       VALUE  FROM      YEAR
                                                  NORMAL
..................................................................
TEMPERATURE (F)
 YESTERDAY
  MAXIMUM         68    412 PM  83    2017  77     -9       83
                                      2006
                                      2000
  MINIMUM         59    723 AM  52    1884  66     -7       74
  AVERAGE         64                        71     -7       79

PRECIPITATION (IN)
  YESTERDAY        0.00          5.09 1977   0.11  -0.11     0.00
  MONTH TO DATE    0.35                      2.18  -1.83     1.15
  SINCE MAR 1      1.69                      5.34  -3.65     2.42
  SINCE JAN 1      5.85                     12.11  -6.26     6.69

SNOWFALL (IN)
  YESTERDAY        0.0          MM      MM  MM     MM        0.0
  MONTH TO DATE    0.0                      MM     MM        0.0
  SINCE MAR 1      0.0                      MM     MM        0.0
  SINCE JUL 1      T                         0.0    0.0      0.0
  SNOW DEPTH       0

DEGREE DAYS
 HEATING
  YESTERDAY        1                         0      1        0
  MONTH TO DATE   19                        16      3        0
  SINCE MAR 1     39                       119    -80       18
  SINCE JUL 1    816                      1007   -191      328

 COOLING
  YESTERDAY        0                         6     -6       14
  MONTH TO DATE   93                        96     -3      205
  SINCE MAR 1    260                       149    111      403
  SINCE JAN 1    361                       166    195      581
..................................................................


WIND (MPH)
  RESULTANT WIND SPEED  13   RESULTANT WIND DIRECTION   E (80)
  HIGHEST WIND SPEED    21   HIGHEST WIND DIRECTION     E (110)
  HIGHEST GUST SPEED    26   HIGHEST GUST DIRECTION     E (100)
  AVERAGE WIND SPEED    13.8


SKY COVER
  AVERAGE SKY COVER 0.3


WEATHER CONDITIONS
 THE FOLLOWING WEATHER WAS RECORDED YESTERDAY.
  NO SIGNIFICANT WEATHER WAS OBSERVED.


RELATIVE HUMIDITY (PERCENT)
 HIGHEST    81
 LOWEST     58
 AVERAGE    70

..........................................................


THE GALVESTON CLIMATE NORMALS FOR TODAY
                         NORMAL    RECORD    YEAR
 MAXIMUM TEMPERATURE (F)   77        86      1987
 MINIMUM TEMPERATURE (F)   66        50      1899
                                             1884


SUNRISE AND SUNSET
APRIL 21 2018.........SUNRISE   647 AM CDT   SUNSET   750 PM CDT
APRIL 22 2018.........SUNRISE   646 AM CDT   SUNSET   750 PM CDT


-  INDICATES NEGATIVE NUMBERS.
R  INDICATES RECORD WAS SET OR TIED.
MM INDICATES DATA IS MISSING.
T  INDICATES TRACE AMOUNT.




$$
