000
CDUS42 KRAH 230740
CLIGSO


CLIMATE REPORT
NATIONAL WEATHER SERVICE RALEIGH NC
339 AM EDT WED MAY 23 2018


...................................

...THE PIEDMONT TRIAD INTL AIRPORT NC CLIMATE SUMMARY FOR MAY 22 2018...

CLIMATE NORMAL PERIOD 1981 TO 2010
CLIMATE RECORD PERIOD 1903 TO 2018


WEATHER ITEM   OBSERVED TIME   RECORD YEAR NORMAL DEPARTURE LAST
                VALUE   (LST)  VALUE       VALUE  FROM      YEAR
                                                  NORMAL
..................................................................
TEMPERATURE (F)
 YESTERDAY
  MAXIMUM         85    230 PM  97    1941  79      6       79
  MINIMUM         67    607 AM  40    2002  58      9       63
  AVERAGE         76                        68      8       71

PRECIPITATION (IN)
  YESTERDAY        0.00          1.49 2003   0.11  -0.11     0.38
  MONTH TO DATE    2.83                      2.31   0.52     3.38
  SINCE MAR 1     11.58                      9.61   1.97    11.68
  SINCE JAN 1     17.79                     15.63   2.16    17.29

DEGREE DAYS
 HEATING
  YESTERDAY        0                         1     -1        0
  MONTH TO DATE    3                        58    -55       51
  SINCE MAR 1    866                       749    117      603
  SINCE JUL 1   3565                      3604    -39     2773

 COOLING
  YESTERDAY       11                         5      6        6
  MONTH TO DATE  167                        69     98       89
  SINCE MAR 1    180                       107     73      185
  SINCE JAN 1    188                       107     81      189
..................................................................


WIND (MPH)
  HIGHEST WIND SPEED    16   HIGHEST WIND DIRECTION    SW (210)
  HIGHEST GUST SPEED    20   HIGHEST GUST DIRECTION    SW (230)
  AVERAGE WIND SPEED     7.9


SKY COVER
  POSSIBLE SUNSHINE  MM
  AVERAGE SKY COVER 0.7


WEATHER CONDITIONS
 THE FOLLOWING WEATHER WAS RECORDED YESTERDAY.
  FOG


RELATIVE HUMIDITY (PERCENT)
 HIGHEST   100           100 AM
 LOWEST     54           600 PM
 AVERAGE    77

..........................................................


THE PIEDMONT TRIAD INTL AIRPORT NC CLIMATE NORMALS FOR TODAY
                         NORMAL    RECORD    YEAR
 MAXIMUM TEMPERATURE (F)   79        97      1925
 MINIMUM TEMPERATURE (F)   58        38      2002


SUNRISE AND SUNSET
MAY 23 2018...........SUNRISE   608 AM EDT   SUNSET   825 PM EDT
MAY 24 2018...........SUNRISE   608 AM EDT   SUNSET   826 PM EDT


-  INDICATES NEGATIVE NUMBERS.
R  INDICATES RECORD WAS SET OR TIED.
MM INDICATES DATA IS MISSING.
T  INDICATES TRACE AMOUNT.




$$
