048
CDUS42 KGSP 270647
CLIGSP

CLIMATE REPORT
NATIONAL WEATHER SERVICE GREENVILLE-SPARTANBURG SC
244 AM EDT SUN MAY 27 2018


...................................

...THE GREENVILLE-SPARTANBURG SC CLIMATE SUMMARY FOR MAY 26 2018...

CLIMATE NORMAL PERIOD 1981 TO 2010
CLIMATE RECORD PERIOD 1884 TO 2018


WEATHER ITEM   OBSERVED TIME   RECORD YEAR NORMAL DEPARTURE LAST
                VALUE   (LST)  VALUE       VALUE  FROM      YEAR
                                                  NORMAL
..................................................................
TEMPERATURE (F)
 YESTERDAY
  MAXIMUM         84    425 PM  96    1953  83      1       81
                                      1926
                                      1912
  MINIMUM         69    654 AM  45    1979  60      9       52
  AVERAGE         77                        72      5       67

PRECIPITATION (IN)
  YESTERDAY        0.92          3.69 1948   0.12   0.80     0.00
  MONTH TO DATE    4.05                      3.14   0.91     4.40
  SINCE MAR 1     13.19                     11.02   2.17    19.05
  SINCE JAN 1     21.46                     18.81   2.65    24.77

SNOWFALL (IN)
  YESTERDAY        0.0           0.0    MM   0.0    0.0      0.0
  MONTH TO DATE    0.0                       0.0    0.0      0.0
  SINCE MAR 1      0.0                       0.9   -0.9      0.5
  SINCE JUL 1      4.7                       4.7    0.0      3.6
  SNOW DEPTH       0

DEGREE DAYS
 HEATING
  YESTERDAY        0                         1     -1        0
  MONTH TO DATE    1                        39    -38       31
  SINCE MAR 1    645                       596     49      460
  SINCE JUL 1   2916                      3045   -129     2186

 COOLING
  YESTERDAY       12                         7      5        2
  MONTH TO DATE  202                       115     87      108
  SINCE MAR 1    215                       163     52      213
  SINCE JAN 1    235                       163     72      219
..................................................................


WIND (MPH)
  HIGHEST WIND SPEED    16   HIGHEST WIND DIRECTION     S (200)
  HIGHEST GUST SPEED    21   HIGHEST GUST DIRECTION     S (200)
  AVERAGE WIND SPEED     6.3


SKY COVER
  POSSIBLE SUNSHINE  MM
  AVERAGE SKY COVER 0.7


WEATHER CONDITIONS
 THE FOLLOWING WEATHER WAS RECORDED YESTERDAY.
  THUNDERSTORM
  HEAVY RAIN
  RAIN
  LIGHT RAIN
  FOG


RELATIVE HUMIDITY (PERCENT)
 HIGHEST   100          1200 AM
 LOWEST     63           400 PM
 AVERAGE    82

..........................................................


THE GREENVILLE-SPARTANBURG SC CLIMATE NORMALS FOR TODAY
                         NORMAL    RECORD    YEAR
 MAXIMUM TEMPERATURE (F)   83        98      1916
 MINIMUM TEMPERATURE (F)   61        43      1961


SUNRISE AND SUNSET
MAY 27 2018...........SUNRISE   618 AM EDT   SUNSET   834 PM EDT
MAY 28 2018...........SUNRISE   618 AM EDT   SUNSET   835 PM EDT


-  INDICATES NEGATIVE NUMBERS.
R  INDICATES RECORD WAS SET OR TIED.
MM INDICATES DATA IS MISSING.
T  INDICATES TRACE AMOUNT.




$$
