476
CDUS41 KLWX 230534
CLIHGR


CLIMATE REPORT
NATIONAL WEATHER SERVICE BALTIMORE MD/WASHINGTON DC
134 AM EDT WED MAY 23 2018


...................................

...THE HAGERSTOWN MD CLIMATE SUMMARY FOR MAY 22 2018...

CLIMATE NORMAL PERIOD 1981 TO 2010
CLIMATE RECORD PERIOD 1998 TO 2018


WEATHER ITEM   OBSERVED TIME   RECORD YEAR NORMAL DEPARTURE LAST
                VALUE   (LST)  VALUE       VALUE  FROM      YEAR
                                                  NORMAL
..................................................................
TEMPERATURE (F)
 YESTERDAY
  MAXIMUM         76    628 PM  MM      MM  74      2       75
  MINIMUM         67   1008 AM  MM      MM  54     13       59
  AVERAGE         72                        64      8       67

PRECIPITATION (IN)
  YESTERDAY        0.14         MM      MM   0.15  -0.01      T
  MONTH TO DATE    3.69                      2.71   0.98     3.33
  SINCE MAR 1      9.77                      9.65   0.12     8.53
  SINCE JAN 1     16.27                     14.88   1.39    12.63

DEGREE DAYS
 HEATING
  YESTERDAY        0                         4     -4        0
  MONTH TO DATE   28                       128   -100      115
  SINCE MAR 1   1293                      1239     54      992
  SINCE JUL 1   4706                      5142   -436     3999

 COOLING
  YESTERDAY        7                         2      5        2
  MONTH TO DATE   92                        30     62       57
  SINCE MAR 1    107                        45     62      115
  SINCE JAN 1    112                        45     67      116
..................................................................


WIND (MPH)
  HIGHEST WIND SPEED    17   HIGHEST WIND DIRECTION     S (170)
  HIGHEST GUST SPEED    23   HIGHEST GUST DIRECTION     S (170)
  AVERAGE WIND SPEED     7.3


SKY COVER
  POSSIBLE SUNSHINE  MM
  AVERAGE SKY COVER 0.6


WEATHER CONDITIONS
 THE FOLLOWING WEATHER WAS RECORDED YESTERDAY.
  RAIN
  LIGHT RAIN
  FOG


RELATIVE HUMIDITY (PERCENT)
 HIGHEST    90           900 PM
 LOWEST     73          1200 AM
 AVERAGE    82

..........................................................


THE HAGERSTOWN MD CLIMATE NORMALS FOR TODAY
                         NORMAL    RECORD    YEAR
 MAXIMUM TEMPERATURE (F)   74        MM        MM
 MINIMUM TEMPERATURE (F)   54        MM        MM


SUNRISE AND SUNSET
MAY 23 2018...........SUNRISE   550 AM EDT   SUNSET   826 PM EDT
MAY 24 2018...........SUNRISE   549 AM EDT   SUNSET   827 PM EDT


-  INDICATES NEGATIVE NUMBERS.
R  INDICATES RECORD WAS SET OR TIED.
MM INDICATES DATA IS MISSING.
T  INDICATES TRACE AMOUNT.




$$
