000
CDUS46 KPQR 251143
CLIHIO


CLIMATE REPORT
NATIONAL WEATHER SERVICE PORTLAND OREGON
443 AM PDT WED APR 25 2018


...................................

...THE HILLSBORO OR CLIMATE SUMMARY FOR APRIL 24 2018...

CLIMATE NORMAL PERIOD 1981 TO 2010
CLIMATE RECORD PERIOD 1929 TO 2018


WEATHER ITEM   OBSERVED TIME   RECORD YEAR NORMAL DEPARTURE LAST
                VALUE   (LST)  VALUE       VALUE  FROM      YEAR
                                                  NORMAL
..................................................................
TEMPERATURE (F)
 YESTERDAY
  MAXIMUM         80    357 PM  81    1999  63     17       57
  MINIMUM         51   1159 PM  30    2009  40     11       45
                                      2000
  AVERAGE         66                        51     15       51

PRECIPITATION (IN)
  YESTERDAY        0.00          0.98 1996   0.10  -0.10
  MONTH TO DATE    2.88                      2.49   0.39
  SINCE OCT 1     25.29                     33.08  -7.79
  SINCE JAN 1     12.99                     16.69  -3.70

SNOWFALL (IN)
  YESTERDAY        0.0
  MONTH TO DATE    0.0
  SINCE MAR 1      0.0
  SINCE JUL 1      0.0
  SNOW DEPTH       0

DEGREE DAYS
 HEATING
  YESTERDAY        0                        14    -14
  MONTH TO DATE  348                       371    -23
  SINCE JUL 1   4198                      4485   -287

 COOLING
  YESTERDAY        1                         0      1
  MONTH TO DATE    1                         0      1
  SINCE JAN 1      1                         0      1
..................................................................


WIND (MPH)
  HIGHEST WIND SPEED    22   HIGHEST WIND DIRECTION     E (70)
  HIGHEST GUST SPEED    29   HIGHEST GUST DIRECTION     E (70)
  AVERAGE WIND SPEED     9.2


SKY COVER
  POSSIBLE SUNSHINE  MM
  AVERAGE SKY COVER 0.1


WEATHER CONDITIONS
 THE FOLLOWING WEATHER WAS RECORDED YESTERDAY.
  NO SIGNIFICANT WEATHER WAS OBSERVED.


RELATIVE HUMIDITY (PERCENT)
 HIGHEST    83          1100 PM
 LOWEST     21          1200 PM
 AVERAGE    52

..........................................................


THE HILLSBORO OR CLIMATE NORMALS FOR TODAY
                         NORMAL    RECORD    YEAR
 MAXIMUM TEMPERATURE (F)   63        82      2001
 MINIMUM TEMPERATURE (F)   40        31      1985


SUNRISE AND SUNSET
APRIL 25 2018.........SUNRISE   609 AM PDT   SUNSET   811 PM PDT
APRIL 26 2018.........SUNRISE   607 AM PDT   SUNSET   813 PM PDT


-  INDICATES NEGATIVE NUMBERS.
R  INDICATES RECORD WAS SET OR TIED.
MM INDICATES DATA IS MISSING.
T  INDICATES TRACE AMOUNT.




$$
