000
CDUS43 KFSD 220629
CLIHON


CLIMATE REPORT
NATIONAL WEATHER SERVICE SIOUX FALLS SD
129 AM CDT TUE MAY 22 2018


...................................

...THE HURON SD CLIMATE SUMMARY FOR MAY 21 2018...

CLIMATE NORMAL PERIOD 1981 TO 2010
CLIMATE RECORD PERIOD 1881 TO 2018


WEATHER ITEM   OBSERVED TIME   RECORD YEAR NORMAL DEPARTURE LAST
                VALUE   (LST)  VALUE       VALUE  FROM      YEAR
                                                  NORMAL
..................................................................
TEMPERATURE (F)
 YESTERDAY
  MAXIMUM         70    554 PM  94    1964  72     -2       68
  MINIMUM         54    607 AM  27    1963  48      6       37
                                      1931
  AVERAGE         62                        60      2       53

PRECIPITATION (IN)
  YESTERDAY        0.03          2.26 1988   0.11  -0.08     0.06
  MONTH TO DATE    1.25                      2.03  -0.78     1.17
  SINCE MAR 1      5.50                      5.80  -0.30     3.12
  SINCE JAN 1      6.84                      6.90  -0.06     3.92

SNOWFALL (IN)
  YESTERDAY        0.0           0.0    MM   0.0    0.0      0.0
  MONTH TO DATE    0.0                       0.1   -0.1      0.0
  SINCE MAR 1     30.8                      13.0   17.8     13.9
  SINCE JUL 1     58.7                      44.0   14.7     35.9
  SNOW DEPTH       0

DEGREE DAYS
 HEATING
  YESTERDAY        3                         6     -3       12
  MONTH TO DATE  111                       193    -82      156
  SINCE MAR 1   1983                      1739    244     1646
  SINCE JUL 1   7931                      7571    360     6795

 COOLING
  YESTERDAY        0                         1     -1        0
  MONTH TO DATE   23                        18      5       21
  SINCE MAR 1     25                        22      3       21
  SINCE JAN 1     25                        22      3       21
..................................................................


WIND (MPH)
  HIGHEST WIND SPEED    12   HIGHEST WIND DIRECTION     E (90)
  HIGHEST GUST SPEED    16   HIGHEST GUST DIRECTION    SE (150)
  AVERAGE WIND SPEED     5.2


SKY COVER
  POSSIBLE SUNSHINE  MM
  AVERAGE SKY COVER 0.6


WEATHER CONDITIONS
 THE FOLLOWING WEATHER WAS RECORDED YESTERDAY.
  LIGHT RAIN
  FOG


RELATIVE HUMIDITY (PERCENT)
 HIGHEST   100          1200 AM
 LOWEST     61           500 PM
 AVERAGE    81

..........................................................


THE HURON SD CLIMATE NORMALS FOR TODAY
                         NORMAL    RECORD    YEAR
 MAXIMUM TEMPERATURE (F)   72        92      1967
 MINIMUM TEMPERATURE (F)   48        21      1963


SUNRISE AND SUNSET
MAY 22 2018...........SUNRISE   559 AM CDT   SUNSET   901 PM CDT
MAY 23 2018...........SUNRISE   558 AM CDT   SUNSET   902 PM CDT


-  INDICATES NEGATIVE NUMBERS.
R  INDICATES RECORD WAS SET OR TIED.
MM INDICATES DATA IS MISSING.
T  INDICATES TRACE AMOUNT.




$$
