000
CDUS44 KLZK 232100
CLIHRO


CLIMATE REPORT
NATIONAL WEATHER SERVICE LITTLE ROCK AR
358 PM CDT WED MAY 23 2018


...................................

...THE HARRISON CLIMATE SUMMARY FOR MAY 23 2018...
VALID TODAY AS OF 0300 PM LOCAL TIME.

CLIMATE NORMAL PERIOD 1981 TO 2010
CLIMATE RECORD PERIOD 1891 TO 2018


WEATHER ITEM   OBSERVED TIME   RECORD YEAR NORMAL DEPARTURE LAST
                VALUE   (LST)  VALUE       VALUE  FROM      YEAR
                                                  NORMAL
..................................................................
TEMPERATURE (F)
 TODAY
  MAXIMUM         83   1213 PM  93    2000  78      5       72
  MINIMUM         64    542 AM  36    1963  57      7       53
                                      1917
  AVERAGE         74                        68      6       63

PRECIPITATION (IN)
  TODAY            0.04          2.50 1957   0.14  -0.10     0.06
  MONTH TO DATE    2.57                      3.60  -1.03     4.56
  SINCE MAR 1     11.25                     11.71  -0.46    21.88
  SINCE JAN 1     19.88                     16.91   2.97    25.46

SNOWFALL (IN)
  TODAY            0.0          MM      MM   0.0    0.0      0.0
  MONTH TO DATE    0.0                       0.0    0.0      0.0
  SINCE MAR 1      0.1                       2.3   -2.2      2.5
  SINCE JUL 1      2.2                      11.5   -9.3      3.4
  SNOW DEPTH       0

DEGREE DAYS
 HEATING
  TODAY            0                         2     -2        2
  MONTH TO DATE    0                        68    -68       62
  SINCE MAR 1    834                       817     17      578
  SINCE JUL 1   3794                      3989   -195     2984

 COOLING
  TODAY            9                         4      5        0
  MONTH TO DATE  173                        65    108       60
  SINCE MAR 1    182                       102     80      106
  SINCE JAN 1    187                       102     85      113
..................................................................


WIND (MPH)
  HIGHEST WIND SPEED    20   HIGHEST WIND DIRECTION     E (100)
  HIGHEST GUST SPEED    26   HIGHEST GUST DIRECTION     E (110)
  AVERAGE WIND SPEED     3.4


SKY COVER
  POSSIBLE SUNSHINE  MM
  AVERAGE SKY COVER 0.3


WEATHER CONDITIONS
 THE FOLLOWING WEATHER WAS RECORDED TODAY.
  THUNDERSTORM
  RAIN
  FOG
  FOG W/VISIBILITY <= 1/4 MILE


RELATIVE HUMIDITY (PERCENT)
 HIGHEST   100           100 AM
 LOWEST     67          1200 PM
 AVERAGE    84

..........................................................


THE HARRISON CLIMATE NORMALS FOR TOMORROW
                         NORMAL    RECORD    YEAR
 MAXIMUM TEMPERATURE (F)   78        97      1926
 MINIMUM TEMPERATURE (F)   57        41      1930
                                             1913


SUNRISE AND SUNSET
MAY 23 2018...........SUNRISE   601 AM CDT   SUNSET   818 PM CDT
MAY 24 2018...........SUNRISE   600 AM CDT   SUNSET   819 PM CDT


-  INDICATES NEGATIVE NUMBERS.
R  INDICATES RECORD WAS SET OR TIED.
MM INDICATES DATA IS MISSING.
T  INDICATES TRACE AMOUNT.




$$
