000
CDUS44 KHUN 210723
CLIHSV


CLIMATE REPORT
NATIONAL WEATHER SERVICE HUNTSVILLE AL
223 AM CDT SAT APR 21 2018


...................................

...THE HUNTSVILLE CLIMATE SUMMARY FOR APRIL 20 2018...

CLIMATE NORMAL PERIOD 1981 TO 2010
CLIMATE RECORD PERIOD 1894 TO 2018


WEATHER ITEM   OBSERVED TIME   RECORD YEAR NORMAL DEPARTURE LAST
                VALUE   (LST)  VALUE       VALUE  FROM      YEAR
                                                  NORMAL
..................................................................
TEMPERATURE (F)
 YESTERDAY
  MAXIMUM         72    438 PM  90    1971  75     -3       89
  MINIMUM         38    546 AM  30    1983  51    -13       62
  AVERAGE         55                        63     -8       76

PRECIPITATION (IN)
  YESTERDAY        0.00          2.37 1996   0.14  -0.14     0.00
  MONTH TO DATE    5.76                      2.85   2.91     1.98
  SINCE MAR 1      9.07                      8.06   1.01     5.89
  SINCE JAN 1     19.48                     17.79   1.69    14.76

SNOWFALL (IN)
  YESTERDAY        0.0
  MONTH TO DATE    0.0
  SINCE MAR 1      T
  SINCE JUL 1      0.4
  SNOW DEPTH       0

DEGREE DAYS
 HEATING
  YESTERDAY       10                         4      6        0
  MONTH TO DATE  183                       123     60       41
  SINCE MAR 1    578                       491     87      353
  SINCE JUL 1   2863                      2943    -80     1920

 COOLING
  YESTERDAY        0                         2     -2       11
  MONTH TO DATE   13                        31    -18       93
  SINCE MAR 1     17                        44    -27      118
  SINCE JAN 1     52                        45      7      123
..................................................................


WIND (MPH)
  HIGHEST WIND SPEED    13   HIGHEST WIND DIRECTION     E (110)
  HIGHEST GUST SPEED    20   HIGHEST GUST DIRECTION     E (100)
  AVERAGE WIND SPEED     5.8


SKY COVER
  POSSIBLE SUNSHINE  MM
  AVERAGE SKY COVER 0.0


WEATHER CONDITIONS
 THE FOLLOWING WEATHER WAS RECORDED YESTERDAY.
  NO SIGNIFICANT WEATHER WAS OBSERVED.


RELATIVE HUMIDITY (PERCENT)
 HIGHEST    86          1000 PM
 LOWEST     25           200 PM
 AVERAGE    56

..........................................................


THE HUNTSVILLE CLIMATE NORMALS FOR TODAY
                         NORMAL    RECORD    YEAR
 MAXIMUM TEMPERATURE (F)   75        90      2002
 MINIMUM TEMPERATURE (F)   52        30      1983
                                             1953


SUNRISE AND SUNSET
APRIL 21 2018.........SUNRISE   608 AM CDT   SUNSET   724 PM CDT
APRIL 22 2018.........SUNRISE   607 AM CDT   SUNSET   725 PM CDT


-  INDICATES NEGATIVE NUMBERS.
R  INDICATES RECORD WAS SET OR TIED.
MM INDICATES DATA IS MISSING.
T  INDICATES TRACE AMOUNT.




$$
