000
CDUS45 KTFX 232240
CLIHVR


CLIMATE REPORT
NATIONAL WEATHER SERVICE GREAT FALLS MT
440 PM MDT MON APR 23 2018


...................................

...THE HAVRE MT CLIMATE SUMMARY FOR APRIL 23 2018...
VALID TODAY AS OF 0400 PM LOCAL TIME.

CLIMATE NORMAL PERIOD 1981 TO 2010
CLIMATE RECORD PERIOD 1880 TO 2018


WEATHER ITEM   OBSERVED TIME   RECORD YEAR NORMAL DEPARTURE LAST
                VALUE   (LST)  VALUE       VALUE  FROM      YEAR
                                                  NORMAL
..................................................................
TEMPERATURE (F)
 TODAY
  MAXIMUM         57    248 PM  89    2012  61     -4       50
  MINIMUM         36    305 AM  -4    1967  33      3       38
  AVERAGE         47                        47      0       44

PRECIPITATION (IN)
  TODAY            0.00          0.77 1900   0.03  -0.03     0.06
  MONTH TO DATE    0.54                      0.58  -0.04     0.61
  SINCE OCT 1      6.89                      3.14   3.75     6.13
  SINCE JAN 1      3.37                      1.73   1.64     2.14

DEGREE DAYS
 HEATING
  TODAY           18                        18      0       21
  MONTH TO DATE  745                       499    246      437
  SINCE MAR 1   2105                      1497    608     1349
  SINCE JUL 1   8897                      7617   1280     7348

 COOLING
  TODAY            0                         0      0        0
  MONTH TO DATE    0                         0      0        0
  SINCE MAR 1      0                         0      0        0
  SINCE JAN 1      0                         0      0        0
..................................................................


WIND (MPH)
  HIGHEST WIND SPEED    16   HIGHEST WIND DIRECTION     N (10)
  HIGHEST GUST SPEED    23   HIGHEST GUST DIRECTION    NE (30)
  AVERAGE WIND SPEED     8.2


SKY COVER
  AVERAGE SKY COVER 0.0


WEATHER CONDITIONS
 THE FOLLOWING WEATHER WAS RECORDED TODAY.
  NO SIGNIFICANT WEATHER WAS OBSERVED.


RELATIVE HUMIDITY (PERCENT)
 HIGHEST    82           300 AM
 LOWEST     26           200 PM
 AVERAGE    54

..........................................................


THE HAVRE MT CLIMATE NORMALS FOR TOMORROW
                         NORMAL    RECORD    YEAR
 MAXIMUM TEMPERATURE (F)   61        88      1910
 MINIMUM TEMPERATURE (F)   33         4      1967


SUNRISE AND SUNSET
APRIL 23 2018.........SUNRISE   613 AM MDT   SUNSET   822 PM MDT
APRIL 24 2018.........SUNRISE   612 AM MDT   SUNSET   824 PM MDT


-  INDICATES NEGATIVE NUMBERS.
R  INDICATES RECORD WAS SET OR TIED.
MM INDICATES DATA IS MISSING.
T  INDICATES TRACE AMOUNT.




$$
