000
CDUS45 KPIH 220736
CLIIDA


CLIMATE REPORT
NATIONAL WEATHER SERVICE POCATELLO ID
136 AM MDT SUN APR 22 2018


...................................

...THE IDAHO FALLS ID CLIMATE SUMMARY FOR APRIL 21 2018...

CLIMATE NORMAL PERIOD 1981 TO 2010
CLIMATE RECORD PERIOD 1948 TO 2018


WEATHER ITEM   OBSERVED TIME   RECORD YEAR NORMAL DEPARTURE LAST
                VALUE   (LST)  VALUE       VALUE  FROM      YEAR
                                                  NORMAL
..................................................................
TEMPERATURE (F)
 YESTERDAY
  MAXIMUM         68    504 PM  78    2012  60      8       53
                                      1980
  MINIMUM         31    559 AM  16    1982  33     -2       33
  AVERAGE         50                        46      4       43

PRECIPITATION (IN)
  YESTERDAY        0.00          0.23 1985   0.04  -0.04      T
  MONTH TO DATE    1.12                      0.72   0.40     0.23
  SINCE OCT 1      4.93                      5.50  -0.57     6.99
  SINCE JAN 1      3.00                      2.93   0.07     2.71

SNOWFALL (IN)
  YESTERDAY       MM
  MONTH TO DATE   MM
  SINCE MAR 1     MM
  SINCE JUL 1     MM
  SNOW DEPTH      MM

DEGREE DAYS
 HEATING
  YESTERDAY       15                        19     -4       22
  MONTH TO DATE  418                       451    -33      447
  SINCE MAR 1   1340                      1353    -13     1181
  SINCE JUL 1   6628                      7155   -527     6978

 COOLING
  YESTERDAY        0                         0      0        0
  MONTH TO DATE    0                         0      0        0
  SINCE MAR 1      0                         0      0        0
  SINCE JAN 1      0                         0      0        0
..................................................................


WIND (MPH)
  HIGHEST WIND SPEED    20   HIGHEST WIND DIRECTION     S (190)
  HIGHEST GUST SPEED    26   HIGHEST GUST DIRECTION    SW (220)
  AVERAGE WIND SPEED    11.4


SKY COVER
  POSSIBLE SUNSHINE  MM
  AVERAGE SKY COVER 0.0


WEATHER CONDITIONS
 THE FOLLOWING WEATHER WAS RECORDED YESTERDAY.
  NO SIGNIFICANT WEATHER WAS OBSERVED.


RELATIVE HUMIDITY (PERCENT)
 HIGHEST    76           200 AM
 LOWEST     22           500 PM
 AVERAGE    49

..........................................................


THE IDAHO FALLS ID CLIMATE NORMALS FOR TODAY
                         NORMAL    RECORD    YEAR
 MAXIMUM TEMPERATURE (F)   60        83      2012
 MINIMUM TEMPERATURE (F)   33        20      1967


SUNRISE AND SUNSET
APRIL 22 2018.........SUNRISE   634 AM MDT   SUNSET   820 PM MDT
APRIL 23 2018.........SUNRISE   633 AM MDT   SUNSET   821 PM MDT


-  INDICATES NEGATIVE NUMBERS.
R  INDICATES RECORD WAS SET OR TIED.
MM INDICATES DATA IS MISSING.
T  INDICATES TRACE AMOUNT.




$$
