000
CDUS45 KVEF 250028
CLIIGM


CLIMATE REPORT
NATIONAL WEATHER SERVICE LAS VEGAS, NV
527 PM PDT TUE APR 24 2018


...................................

...THE KINGMAN AZ CLIMATE SUMMARY FOR APRIL 24 2018...
VALID TODAY AS OF 0500 PM LOCAL TIME.

CLIMATE NORMAL PERIOD 1981 TO 2010
CLIMATE RECORD PERIOD 1901 TO 2018


WEATHER ITEM   OBSERVED TIME   RECORD YEAR NORMAL DEPARTURE LAST
                VALUE   (LST)  VALUE       VALUE  FROM      YEAR
                                                  NORMAL
..................................................................
TEMPERATURE (F)
 TODAY
  MAXIMUM         90    153 PM  95    1921  76     14       77
  MINIMUM         57    454 AM  27    1904  46     11       47
  AVERAGE         74                        61     13       62

PRECIPITATION (IN)
  TODAY            0.00          0.18 1990   0.01  -0.01     0.00
  MONTH TO DATE    T                         0.36  -0.36     0.00
  SINCE OCT 1      1.31                      5.38  -4.07     6.26
  SINCE JAN 1      1.31                      3.28  -1.97     2.70

DEGREE DAYS
 HEATING
  TODAY            0                         5     -5        3
  MONTH TO DATE   84                       189   -105      129
  SINCE MAR 1    460                       607   -147      370
  SINCE JUL 1   2238                      3020   -782     2367

 COOLING
  TODAY            9                         1      8        0
  MONTH TO DATE   45                        17     28        7
  SINCE MAR 1     46                        20     26       13
  SINCE JAN 1     46                        20     26       13
..................................................................


WIND (MPH)
  RESULTANT WIND SPEED   4   RESULTANT WIND DIRECTION  SW (210)
  HIGHEST WIND SPEED    21   HIGHEST WIND DIRECTION     W (250)
  HIGHEST GUST SPEED    26   HIGHEST GUST DIRECTION     W (250)
  AVERAGE WIND SPEED     8.3


SKY COVER
  POSSIBLE SUNSHINE  MM
  AVERAGE SKY COVER 0.0


WEATHER CONDITIONS
 THE FOLLOWING WEATHER WAS RECORDED TODAY.
  NO SIGNIFICANT WEATHER WAS OBSERVED.


RELATIVE HUMIDITY (PERCENT)
 HIGHEST    24           500 AM
 LOWEST      9           200 PM
 AVERAGE    17

..........................................................


THE KINGMAN AZ CLIMATE NORMALS FOR TOMORROW
                         NORMAL    RECORD    YEAR
 MAXIMUM TEMPERATURE (F)   77        93      1997
 MINIMUM TEMPERATURE (F)   47        29      1932


SUNRISE AND SUNSET
APRIL 24 2018.........SUNRISE   552 AM MST   SUNSET   716 PM MST
APRIL 25 2018.........SUNRISE   551 AM MST   SUNSET   717 PM MST


-  INDICATES NEGATIVE NUMBERS.
R  INDICATES RECORD WAS SET OR TIED.
MM INDICATES DATA IS MISSING.
T  INDICATES TRACE AMOUNT.




$$
