000
CDUS41 KPHI 242131
CLIILG


CLIMATE REPORT
NATIONAL WEATHER SERVICE MOUNT HOLLY NJ
530 PM EDT TUE APR 24 2018


...................................

...THE WILMINGTON DE CLIMATE SUMMARY FOR APRIL 24 2018...
VALID TODAY AS OF 0500 PM LOCAL TIME.

CLIMATE NORMAL PERIOD 1981 TO 2010
CLIMATE RECORD PERIOD 1894 TO 2018


WEATHER ITEM   OBSERVED TIME   RECORD YEAR NORMAL DEPARTURE LAST
                VALUE   (LST)  VALUE       VALUE  FROM      YEAR
                                                  NORMAL
..................................................................
TEMPERATURE (F)
 TODAY
  MAXIMUM         64    208 PM  84    2001  67     -3       60
  MINIMUM         44    211 AM  30    1930  46     -2       50
                                      1911
  AVERAGE         54                        56     -2       55

PRECIPITATION (IN)
  TODAY            0.00          1.28 1983   0.11  -0.11     0.02
  MONTH TO DATE    1.68                      2.83  -1.15     1.78
  SINCE MAR 1      6.33                      6.75  -0.42     6.76
  SINCE JAN 1     14.77                     12.44   2.33    10.78

SNOWFALL (IN)
  TODAY            0.0           T    1956   0.0    0.0      0.0
  MONTH TO DATE    T                         0.3   -0.3      0.0
  SINCE MAR 1     14.2                       2.2   12.0      3.4
  SINCE JUL 1     28.0                      20.2    7.8      9.0
  SNOW DEPTH       0

DEGREE DAYS
 HEATING
  TODAY           11                         9      2       10
  MONTH TO DATE  388                       312     76      196
  SINCE MAR 1   1176                       995    181      913
  SINCE JUL 1   4536                      4618    -82     3915

 COOLING
  TODAY            0                         1     -1        0
  MONTH TO DATE    8                         4      4       10
  SINCE MAR 1      8                         5      3       10
  SINCE JAN 1      8                         5      3       10
..................................................................


WIND (MPH)
  HIGHEST WIND SPEED    23   HIGHEST WIND DIRECTION    SE (140)
  HIGHEST GUST SPEED    29   HIGHEST GUST DIRECTION    SE (140)
  AVERAGE WIND SPEED    10.4


SKY COVER
  POSSIBLE SUNSHINE  MM
  AVERAGE SKY COVER 0.3


WEATHER CONDITIONS
 THE FOLLOWING WEATHER WAS RECORDED TODAY.
  NO SIGNIFICANT WEATHER WAS OBSERVED.


RELATIVE HUMIDITY (PERCENT)
 HIGHEST    66           600 AM
 LOWEST     48           200 PM
 AVERAGE    57

..........................................................


THE WILMINGTON DE CLIMATE NORMALS FOR TOMORROW
                         NORMAL    RECORD    YEAR
 MAXIMUM TEMPERATURE (F)   67        92      1915
 MINIMUM TEMPERATURE (F)   46        31      2015
                                             1936
                                             1919


SUNRISE AND SUNSET
APRIL 24 2018.........SUNRISE   612 AM EDT   SUNSET   749 PM EDT
APRIL 25 2018.........SUNRISE   611 AM EDT   SUNSET   750 PM EDT


-  INDICATES NEGATIVE NUMBERS.
R  INDICATES RECORD WAS SET OR TIED.
MM INDICATES DATA IS MISSING.
T  INDICATES TRACE AMOUNT.




$$
