000
CDUS45 KFGZ 260112
CLIINW


CLIMATE REPORT
NATIONAL WEATHER SERVICE FLAGSTAFF, AZ
610 PM MST WED APR 25 2018


...................................

...THE WINSLOW AZ AIRPORT CLIMATE SUMMARY FOR APRIL 25 2018...
VALID TODAY AS OF 0500 PM LOCAL TIME.

CLIMATE NORMAL PERIOD 1981 TO 2010
CLIMATE RECORD PERIOD 1915 TO 2018


WEATHER ITEM   OBSERVED TIME   RECORD YEAR NORMAL DEPARTURE LAST
                VALUE   (LST)  VALUE       VALUE  FROM      YEAR
                                                  NORMAL
..................................................................
TEMPERATURE (F)
 TODAY
  MAXIMUM         83    405 PM  90    1996  75      8       75
  MINIMUM         47    558 AM  21    1921  40      7       42
  AVERAGE         65                        57      8       59

PRECIPITATION (IN)
  TODAY            0.00          0.30 1963   0.01  -0.01     0.00
  MONTH TO DATE    0.08                      0.23  -0.15     0.11
  SINCE SEP 1      0.54                      4.23  -3.69     4.82
  SINCE JAN 1      0.31                      1.75  -1.44     1.74

DEGREE DAYS
 HEATING
  TODAY            0                         8     -8        6
  MONTH TO DATE  191                       290    -99      232
  SINCE JUL 1   3784                      4343   -559     3438

 COOLING
  TODAY            0                         0      0        0
  MONTH TO DATE    9                         0      9        0
  SINCE JAN 1      9                         0      9        0
..................................................................


WIND (MPH)
  HIGHEST WIND SPEED    16   HIGHEST WIND DIRECTION     W (260)
  HIGHEST GUST SPEED    22   HIGHEST GUST DIRECTION    NW (320)
  AVERAGE WIND SPEED     6.8


SKY COVER
  POSSIBLE SUNSHINE  MM
  AVERAGE SKY COVER 0.0


WEATHER CONDITIONS
 THE FOLLOWING WEATHER WAS RECORDED TODAY.
  NO SIGNIFICANT WEATHER WAS OBSERVED.


RELATIVE HUMIDITY (PERCENT)
 HIGHEST    28           600 AM
 LOWEST     10           300 PM
 AVERAGE    19

..........................................................


THE WINSLOW AZ AIRPORT CLIMATE NORMALS FOR TOMORROW
                         NORMAL    RECORD    YEAR
 MAXIMUM TEMPERATURE (F)   75        88      1996
                                             1927
 MINIMUM TEMPERATURE (F)   40        25      1997


SUNRISE AND SUNSET
APRIL 25 2018.........SUNRISE   539 AM MST   SUNSET   704 PM MST
APRIL 26 2018.........SUNRISE   537 AM MST   SUNSET   704 PM MST


-  INDICATES NEGATIVE NUMBERS.
R  INDICATES RECORD WAS SET OR TIED.
MM INDICATES DATA IS MISSING.
T  INDICATES TRACE AMOUNT.




$$
