000
CDUS41 KCTP 262121
CLIIPT


CLIMATE REPORT
NATIONAL WEATHER SERVICE STATE COLLEGE PA
521 PM EDT THU APR 26 2018


...................................

...THE WILLIAMSPORT PA CLIMATE SUMMARY FOR APRIL 26 2018...
VALID TODAY AS OF 0500 PM LOCAL TIME.

CLIMATE NORMAL PERIOD 1981 TO 2010
CLIMATE RECORD PERIOD 1895 TO 2018


WEATHER ITEM   OBSERVED TIME   RECORD YEAR NORMAL DEPARTURE LAST
                VALUE   (LST)  VALUE       VALUE  FROM      YEAR
                                                  NORMAL
..................................................................
TEMPERATURE (F)
 TODAY
  MAXIMUM         66    359 PM  92    1990  65      1       77
  MINIMUM         47    359 AM  26    1934  42      5       55
  AVERAGE         57                        54      3       66

PRECIPITATION (IN)
  TODAY            0.00          1.15 1993   0.11  -0.11     0.01
  MONTH TO DATE    3.54                      2.81   0.73     3.61
  SINCE MAR 1      5.67                      5.78  -0.11     7.35
  SINCE JAN 1     13.46                     10.82   2.64    12.65

SNOWFALL (IN)
  TODAY            0.0           T    1993   0.0    0.0      0.0
                                      1992
  MONTH TO DATE    5.2                       1.1    4.1       T
  SINCE MAR 1      7.8                       8.0   -0.2     22.6
  SINCE JUL 1     26.8                      36.0   -9.2     41.1
  SNOW DEPTH       0

DEGREE DAYS
 HEATING
  TODAY            8                        12     -4        0
  MONTH TO DATE  520                       415    105      248
  SINCE MAR 1   1381                      1244    137     1106
  SINCE JUL 1   5431                      5711   -280     4742

 COOLING
  TODAY            0                         0      0        1
  MONTH TO DATE    0                         0      0        6
  SINCE MAR 1      0                         0      0        6
  SINCE JAN 1      0                         0      0        6
..................................................................


WIND (MPH)
  HIGHEST WIND SPEED    21   HIGHEST WIND DIRECTION    NW (300)
  HIGHEST GUST SPEED    26   HIGHEST GUST DIRECTION     W (270)
  AVERAGE WIND SPEED    13.6


SKY COVER
  POSSIBLE SUNSHINE  MM
  AVERAGE SKY COVER 0.5


WEATHER CONDITIONS
 THE FOLLOWING WEATHER WAS RECORDED TODAY.
  NO SIGNIFICANT WEATHER WAS OBSERVED.


RELATIVE HUMIDITY (PERCENT)
 HIGHEST    71           400 AM
 LOWEST     37           400 PM
 AVERAGE    54

..........................................................


THE WILLIAMSPORT PA CLIMATE NORMALS FOR TOMORROW
                         NORMAL    RECORD    YEAR
 MAXIMUM TEMPERATURE (F)   66        94      2009
 MINIMUM TEMPERATURE (F)   42        28      1926


SUNRISE AND SUNSET
APRIL 26 2018.........SUNRISE   612 AM EDT   SUNSET   800 PM EDT
APRIL 27 2018.........SUNRISE   611 AM EDT   SUNSET   801 PM EDT


-  INDICATES NEGATIVE NUMBERS.
R  INDICATES RECORD WAS SET OR TIED.
MM INDICATES DATA IS MISSING.
T  INDICATES TRACE AMOUNT.




$$
