000
CDUS43 KBIS 260733
CLIISN


CLIMATE REPORT
NATIONAL WEATHER SERVICE BISMARCK ND
233 AM CDT THU APR 26 2018


...................................

...THE WILLISTON ND CLIMATE SUMMARY FOR APRIL 25 2018...

CLIMATE NORMAL PERIOD 1981 TO 2010
CLIMATE RECORD PERIOD 1894 TO 2018


WEATHER ITEM   OBSERVED TIME   RECORD YEAR NORMAL DEPARTURE LAST
                VALUE   (LST)  VALUE       VALUE  FROM      YEAR
                                                  NORMAL
..................................................................
TEMPERATURE (F)
 YESTERDAY
  MAXIMUM         70    422 PM  84    1977  61      9       42
  MINIMUM         36    506 AM  15    1907  33      3       30
  AVERAGE         53                        47      6       36

PRECIPITATION (IN)
  YESTERDAY        0.00          0.61 1938   0.04  -0.04     0.00
  MONTH TO DATE    0.17                      0.78  -0.61     0.50
  SINCE MAR 1      1.93                      1.49   0.44     1.35
  SINCE JAN 1      2.50                      2.47   0.03     2.49

DEGREE DAYS
 HEATING
  YESTERDAY       12                        18     -6       29
  MONTH TO DATE  817                       567    250      508
  SINCE MAR 1   2076                      1674    402     1548
  SINCE JUL 1   8930                      8442    488     7570

 COOLING
  YESTERDAY        0                         0      0        0
  MONTH TO DATE    0                         0      0        0
  SINCE MAR 1      0                         0      0        0
  SINCE JAN 1      0                         0      0        0
..................................................................


WIND (MPH)
  HIGHEST WIND SPEED    26   HIGHEST WIND DIRECTION     N (350)
  HIGHEST GUST SPEED    36   HIGHEST GUST DIRECTION     N (350)
  AVERAGE WIND SPEED    13.3


SKY COVER
  POSSIBLE SUNSHINE  MM
  AVERAGE SKY COVER 0.0


WEATHER CONDITIONS
 THE FOLLOWING WEATHER WAS RECORDED YESTERDAY.
  NO SIGNIFICANT WEATHER WAS OBSERVED.


RELATIVE HUMIDITY (PERCENT)
 HIGHEST    79           300 AM
 LOWEST     20           500 PM
 AVERAGE    50

..........................................................


THE WILLISTON ND CLIMATE NORMALS FOR TODAY
                         NORMAL    RECORD    YEAR
 MAXIMUM TEMPERATURE (F)   62        91      1910
 MINIMUM TEMPERATURE (F)   34        12      1907


SUNRISE AND SUNSET
APRIL 26 2018.........SUNRISE   644 AM CDT   SUNSET   901 PM CDT
APRIL 27 2018.........SUNRISE   643 AM CDT   SUNSET   903 PM CDT


-  INDICATES NEGATIVE NUMBERS.
R  INDICATES RECORD WAS SET OR TIED.
MM INDICATES DATA IS MISSING.
T  INDICATES TRACE AMOUNT.




$$
