932
CDHW43 PHFO 230231
CLIITO


CLIMATE REPORT
NATIONAL WEATHER SERVICE HONOLULU HI
431 PM HST SUN APR 22 2018


...................................

...THE HILO HI CLIMATE SUMMARY FOR APRIL 22 2018...
VALID TODAY AS OF 0400 PM LOCAL TIME.

CLIMATE NORMAL PERIOD 1981 TO 2010
CLIMATE RECORD PERIOD 1946 TO 2018


WEATHER ITEM   OBSERVED TIME   RECORD YEAR NORMAL DEPARTURE LAST
                VALUE   (LST)  VALUE       VALUE  FROM      YEAR
                                                  NORMAL
..................................................................
TEMPERATURE (F)
 TODAY
  MAXIMUM         82    233 PM  86    2013  79      3       84
  MINIMUM         68    625 AM  60    1966  66      2       66
                                      1961
  AVERAGE         75                        72      3       75

PRECIPITATION (IN)
  TODAY            0.09          2.68 1974   0.36  -0.27     0.05
  MONTH TO DATE    9.44                      8.85   0.59     4.15
  SINCE MAR 1     20.37                     22.28  -1.91     7.55
  SINCE JAN 1     50.45                     41.10   9.35    26.04

SNOWFALL (IN)
  TODAY            0.0
  MONTH TO DATE    0.0
  SINCE MAR 1      0.0
  SINCE JUL 1      0.0
  SNOW DEPTH      MM

DEGREE DAYS
 HEATING
  TODAY            0                         0      0        0
  MONTH TO DATE    0                         0      0        0
  SINCE MAR 1      0                         0      0        0
  SINCE JUL 1      0                         0      0        0

 COOLING
  TODAY           10                         7      3       10
  MONTH TO DATE  229                       154     75      204
  SINCE MAR 1    515                       365    150      506
  SINCE JAN 1   1023                       735    288      915
..................................................................


WIND (MPH)
  HIGHEST WIND SPEED    14   HIGHEST WIND DIRECTION    NE (50)
  HIGHEST GUST SPEED    19   HIGHEST GUST DIRECTION     E (70)
  AVERAGE WIND SPEED    MM


SKY COVER
  POSSIBLE SUNSHINE  MM
  AVERAGE SKY COVER  MM


WEATHER CONDITIONS
 THE FOLLOWING WEATHER WAS RECORDED TODAY.
  FOG


RELATIVE HUMIDITY (PERCENT)
 HIGHEST    MM
 LOWEST     MM
 AVERAGE    MM

..........................................................


THE HILO HI CLIMATE NORMALS FOR TOMORROW
                         NORMAL    RECORD    YEAR
 MAXIMUM TEMPERATURE (F)   79        86      1997
 MINIMUM TEMPERATURE (F)   66        61      1991


SUNRISE AND SUNSET
APRIL 22 2018.........SUNRISE   557 AM HST   SUNSET   641 PM HST
APRIL 23 2018.........SUNRISE   556 AM HST   SUNSET   641 PM HST


-  INDICATES NEGATIVE NUMBERS.
R  INDICATES RECORD WAS SET OR TIED.
MM INDICATES DATA IS MISSING.
T  INDICATES TRACE AMOUNT.




$$
