000
CDUS43 KGLD 190808 RRA
CLIITR

CLIMATE REPORT
NATIONAL WEATHER SERVICE GOODLAND
205 AM MDT THU APR 19 2018
...................................

...THE BURLINGTON CO CLIMATE SUMMARY FOR APRIL 18 2018...

CLIMATE NORMAL PERIOD 1981 TO 2010
CLIMATE RECORD PERIOD 1896 TO 2018


WEATHER ITEM   OBSERVED TIME   RECORD YEAR NORMAL DEPARTURE LAST
                VALUE   (LST)  VALUE       VALUE  FROM      YEAR
                                                  NORMAL
..................................................................
TEMPERATURE (F)
 YESTERDAY
  MAXIMUM         59    252 PM  88    2004  63     -4       75
                                      1948
  MINIMUM         25    431 AM  13    1944  34     -9       50
  AVERAGE         42                        48     -6       63

PRECIPITATION (IN)
  YESTERDAY        0.00                      0.05  -0.05     0.00
  MONTH TO DATE    0.70                      0.69   0.01     0.34
  SINCE MAR 1      1.01                      1.58  -0.57     3.27
  SINCE JAN 1      2.57                      2.38   0.19     3.83

..................................................................

THE BURLINGTON CO CLIMATE NORMALS FOR TODAY
                         NORMAL    RECORD    YEAR
 MAXIMUM TEMPERATURE (F)   63        89      2001
                                             1948
 MINIMUM TEMPERATURE (F)   34        17      1966

-  INDICATES NEGATIVE NUMBERS.
R  INDICATES RECORD WAS SET OR TIED.
MM INDICATES DATA IS MISSING.
T  INDICATES TRACE AMOUNT.

$$
