000
CDUS41 KOKX 240617
CLIJFK


CLIMATE REPORT
NATIONAL WEATHER SERVICE NEW YORK NY
216 AM EDT THU MAY 24 2018


...................................

...THE KENNEDY NY CLIMATE SUMMARY FOR MAY 23 2018...

CLIMATE NORMAL PERIOD 1981 TO 2010
CLIMATE RECORD PERIOD 1948 TO 2018


WEATHER ITEM   OBSERVED TIME   RECORD YEAR NORMAL DEPARTURE LAST
                VALUE   (LST)  VALUE       VALUE  FROM      YEAR
                                                  NORMAL
..................................................................
TEMPERATURE (F)
 YESTERDAY
  MAXIMUM         82    355 PM  89    1980  71     11       70
                                      1964
  MINIMUM         57    344 AM  44    1963  55      2       59
  AVERAGE         70                        63      7       65

PRECIPITATION (IN)
  YESTERDAY        0.20          1.99 1989   0.14   0.06     0.00
  MONTH TO DATE    3.15                      2.80   0.35     4.16
  SINCE MAR 1     11.53                     10.45   1.08    14.01
  SINCE JAN 1     19.30                     16.20   3.10    20.23

SNOWFALL (IN)
  YESTERDAY        0.0          MM      MM   0.0    0.0      0.0
  MONTH TO DATE    0.0                       0.0    0.0      0.0
  SINCE OCT 1     35.5                      23.8   11.7     30.9
  SINCE JUL 1     35.5                      23.8   11.7     30.9
  SNOW DEPTH       0

DEGREE DAYS
 HEATING
  YESTERDAY        0                         4     -4        0
  MONTH TO DATE   84                       145    -61      148
  SINCE MAR 1   1405                      1285    120     1236
  SINCE JUL 1   4784                      4796    -12     4154

 COOLING
  YESTERDAY        5                         1      4        0
  MONTH TO DATE   26                        14     12       33
  SINCE MAR 1     26                        17      9       45
  SINCE JAN 1     26                        17      9       45
..................................................................


WIND (MPH)
  HIGHEST WIND SPEED    18   HIGHEST WIND DIRECTION     N (340)
  HIGHEST GUST SPEED    24   HIGHEST GUST DIRECTION    NW (310)
  AVERAGE WIND SPEED     8.8


SKY COVER
  POSSIBLE SUNSHINE  MM
  AVERAGE SKY COVER 0.6


WEATHER CONDITIONS
 THE FOLLOWING WEATHER WAS RECORDED YESTERDAY.
  THUNDERSTORM
  RAIN
  LIGHT RAIN
  FOG


RELATIVE HUMIDITY (PERCENT)
 HIGHEST   100          1200 AM
 LOWEST     33           400 PM
 AVERAGE    67

..........................................................


THE KENNEDY NY CLIMATE NORMALS FOR TODAY
                         NORMAL    RECORD    YEAR
 MAXIMUM TEMPERATURE (F)   71        86      1964
 MINIMUM TEMPERATURE (F)   55        41      1963


SUNRISE AND SUNSET
MAY 24 2018...........SUNRISE   531 AM EDT   SUNSET   814 PM EDT
MAY 25 2018...........SUNRISE   530 AM EDT   SUNSET   814 PM EDT


-  INDICATES NEGATIVE NUMBERS.
R  INDICATES RECORD WAS SET OR TIED.
MM INDICATES DATA IS MISSING.
T  INDICATES TRACE AMOUNT.




$$
