000
CDUS43 KBIS 270025
CLIJMS


CLIMATE REPORT
NATIONAL WEATHER SERVICE BISMARCK ND
725 PM CDT THU APR 26 2018


...................................

...THE JAMESTOWN ND CLIMATE SUMMARY FOR APRIL 26 2018...
VALID TODAY AS OF 0500 PM LOCAL TIME.

CLIMATE NORMAL PERIOD 1981 TO 2010
CLIMATE RECORD PERIOD 1891 TO 2018


WEATHER ITEM   OBSERVED TIME   RECORD YEAR NORMAL DEPARTURE LAST
                VALUE   (LST)  VALUE       VALUE  FROM      YEAR
                                                  NORMAL
..................................................................
TEMPERATURE (F)
 TODAY
  MAXIMUM         65    508 PM  90    1952  61      4       32
  MINIMUM         36    610 AM  18    1933  35      1       28
                                      1931
  AVERAGE         51                        48      3       30

PRECIPITATION (IN)
  TODAY            0.00          1.60 1924   0.06  -0.06      T
  MONTH TO DATE    0.04                      0.96  -0.92     1.40
  SINCE MAR 1      0.57                      1.80  -1.23     1.48
  SINCE JAN 1      0.70                      2.65  -1.95     1.90

DEGREE DAYS
 HEATING
  TODAY           14                        17     -3       35
  MONTH TO DATE  877                       611    266      560
  SINCE MAR 1   2110                      1772    338     1715
  SINCE JUL 1   8821                      8531    290     7724

 COOLING
  TODAY            0                         0      0        0
  MONTH TO DATE    0                         0      0        0
  SINCE MAR 1      0                         0      0        0
  SINCE JAN 1      0                         0      0        0
..................................................................


WIND (MPH)
  RESULTANT WIND SPEED  15   RESULTANT WIND DIRECTION  NW (330)
  HIGHEST WIND SPEED    32   HIGHEST WIND DIRECTION     N (20)
  HIGHEST GUST SPEED    38   HIGHEST GUST DIRECTION     N (20)
  AVERAGE WIND SPEED    16.1


SKY COVER
  POSSIBLE SUNSHINE  MM
  AVERAGE SKY COVER 0.0


WEATHER CONDITIONS
 THE FOLLOWING WEATHER WAS RECORDED TODAY.
  NO SIGNIFICANT WEATHER WAS OBSERVED.


RELATIVE HUMIDITY (PERCENT)
 HIGHEST    79           300 AM
 LOWEST     22           400 PM
 AVERAGE    51

..........................................................


THE JAMESTOWN ND CLIMATE NORMALS FOR TOMORROW
                         NORMAL    RECORD    YEAR
 MAXIMUM TEMPERATURE (F)   61        94      1952
 MINIMUM TEMPERATURE (F)   35        13      1909


SUNRISE AND SUNSET
APRIL 26 2018.........SUNRISE   627 AM CDT   SUNSET   838 PM CDT
APRIL 27 2018.........SUNRISE   626 AM CDT   SUNSET   840 PM CDT


-  INDICATES NEGATIVE NUMBERS.
R  INDICATES RECORD WAS SET OR TIED.
MM INDICATES DATA IS MISSING.
T  INDICATES TRACE AMOUNT.




$$
