000
CDUS41 KOKX 210617
CLILGA


CLIMATE REPORT
NATIONAL WEATHER SERVICE NEW YORK NY
217 AM EDT MON MAY 21 2018


...................................

...THE LAGUARDIA NY CLIMATE SUMMARY FOR MAY 20 2018...

CLIMATE NORMAL PERIOD 1981 TO 2010
CLIMATE RECORD PERIOD 1939 TO 2018


WEATHER ITEM   OBSERVED TIME   RECORD YEAR NORMAL DEPARTURE LAST
                VALUE   (LST)  VALUE       VALUE  FROM      YEAR
                                                  NORMAL
..................................................................
TEMPERATURE (F)
 YESTERDAY
  MAXIMUM         84    317 PM  97    1996  72     12       68
  MINIMUM         55    202 AM  44    2002  55      0       58
  AVERAGE         70                        64      6       63

PRECIPITATION (IN)
  YESTERDAY        0.00          1.79 1972   0.12  -0.12     0.01
  MONTH TO DATE    2.24                      2.29  -0.05     4.09
  SINCE MAR 1     11.34                     10.26   1.08    12.87
  SINCE JAN 1     19.40                     16.19   3.21    18.87

SNOWFALL (IN)
  YESTERDAY        0.0          MM      MM   0.0    0.0      0.0
  MONTH TO DATE    0.0                       0.0    0.0      0.0
  SINCE OCT 1     38.4                      26.9   11.5     33.2
  SINCE JUL 1     38.4                      26.9   11.5     33.2
  SNOW DEPTH       0

DEGREE DAYS
 HEATING
  YESTERDAY        0                         3     -3        2
  MONTH TO DATE   52                       107    -55       96
  SINCE MAR 1   1263                      1192     71     1077
  SINCE JUL 1   4396                      4621   -225     3764

 COOLING
  YESTERDAY        5                         2      3        0
  MONTH TO DATE   65                        25     40       67
  SINCE MAR 1     71                        33     38       98
  SINCE JAN 1     71                        33     38       98
..................................................................


WIND (MPH)
  HIGHEST WIND SPEED    23   HIGHEST WIND DIRECTION    NW (320)
  HIGHEST GUST SPEED    28   HIGHEST GUST DIRECTION    NW (320)
  AVERAGE WIND SPEED     9.7


SKY COVER
  AVERAGE SKY COVER 0.8


WEATHER CONDITIONS
 THE FOLLOWING WEATHER WAS RECORDED YESTERDAY.
  FOG
  FOG W/VISIBILITY <= 1/4 MILE


RELATIVE HUMIDITY (PERCENT)
 HIGHEST   100           300 AM
 LOWEST     51          1200 PM
 AVERAGE    76

..........................................................


THE LAGUARDIA NY CLIMATE NORMALS FOR TODAY
                         NORMAL    RECORD    YEAR
 MAXIMUM TEMPERATURE (F)   73        93      1996
 MINIMUM TEMPERATURE (F)   55        45      2002


SUNRISE AND SUNSET
MAY 21 2018...........SUNRISE   533 AM EDT   SUNSET   812 PM EDT
MAY 22 2018...........SUNRISE   532 AM EDT   SUNSET   813 PM EDT


-  INDICATES NEGATIVE NUMBERS.
R  INDICATES RECORD WAS SET OR TIED.
MM INDICATES DATA IS MISSING.
T  INDICATES TRACE AMOUNT.




$$
