984
CDUS44 KLZK 250639
CLILIT


CLIMATE REPORT
NATIONAL WEATHER SERVICE LITTLE ROCK AR
138 AM CDT WED APR 25 2018


...................................

...THE LITTLE ROCK ADAMS FIELD CLIMATE SUMMARY FOR APRIL 24 2018...

CLIMATE NORMAL PERIOD 1981 TO 2010
CLIMATE RECORD PERIOD 1874 TO 2018


WEATHER ITEM   OBSERVED TIME   RECORD YEAR NORMAL DEPARTURE LAST
                VALUE   (LST)  VALUE       VALUE  FROM      YEAR
                                                  NORMAL
..................................................................
TEMPERATURE (F)
 YESTERDAY
  MAXIMUM         80        MM  89    1965  75      5       76
                                      1949
  MINIMUM         50        MM  36    1910  54     -4       45
  AVERAGE         65                        64      1       61

PRECIPITATION (IN)
  YESTERDAY        0.00          2.30 1905   0.18  -0.18     0.00
  MONTH TO DATE    5.12                      4.07   1.05     3.28
  SINCE MAR 1      8.97                      8.75   0.22     7.15
  SINCE JAN 1     25.23                     15.96   9.27    12.15

SNOWFALL (IN)
  YESTERDAY        0.0          MM      MM   0.0    0.0      0.0
  MONTH TO DATE    T                         0.0    0.0      0.0
  SINCE MAR 1      T                         0.4   -0.4      0.0
  SINCE JUL 1      1.7                       3.5   -1.8      0.2
  SNOW DEPTH       0

DEGREE DAYS
 HEATING
  YESTERDAY        0                         3     -3        4
  MONTH TO DATE  252                       131    121       59
  SINCE MAR 1    540                       506     34      339
  SINCE JUL 1   3065                      3019     46     2253

 COOLING
  YESTERDAY        0                         2     -2        0
  MONTH TO DATE   12                        38    -26       60
  SINCE MAR 1     26                        52    -26       81
  SINCE JAN 1     35                        54    -19       93
..................................................................


WIND (MPH)
  HIGHEST WIND SPEED    15   HIGHEST WIND DIRECTION     N (340)
  HIGHEST GUST SPEED    21   HIGHEST GUST DIRECTION     N (340)
  AVERAGE WIND SPEED     5.6


SKY COVER
  POSSIBLE SUNSHINE  MM
  AVERAGE SKY COVER 0.4


WEATHER CONDITIONS
 THE FOLLOWING WEATHER WAS RECORDED YESTERDAY.
  NO SIGNIFICANT WEATHER WAS OBSERVED.


RELATIVE HUMIDITY (PERCENT)
 HIGHEST   100           100 AM
 LOWEST     30           500 PM
 AVERAGE    65

..........................................................


THE LITTLE ROCK ADAMS FIELD CLIMATE NORMALS FOR TODAY
                         NORMAL    RECORD    YEAR
 MAXIMUM TEMPERATURE (F)   76        88      1961
 MINIMUM TEMPERATURE (F)   54        35      1910


SUNRISE AND SUNSET
APRIL 25 2018.........SUNRISE   625 AM CDT   SUNSET   749 PM CDT
APRIL 26 2018.........SUNRISE   624 AM CDT   SUNSET   750 PM CDT


-  INDICATES NEGATIVE NUMBERS.
R  INDICATES RECORD WAS SET OR TIED.
MM INDICATES DATA IS MISSING.
T  INDICATES TRACE AMOUNT.




$$
