000
CDUS44 KCRP 270002
CLILRD

CLIMATE REPORT
NATIONAL WEATHER SERVICE CORPUS CHRISTI TX
701 PM CDT THU APR 26 2018

...................................

...THE LAREDO CLIMATE SUMMARY FOR APRIL 26 2018...
VALID AS OF 700 PM LOCAL TIME.

CLIMATE NORMAL PERIOD 1981 TO 2010
CLIMATE RECORD PERIOD 1900 TO 2018


WEATHER ITEM   OBSERVED TIME   RECORD YEAR NORMAL DEPARTURE LAST
                VALUE   (LST)  VALUE       VALUE  FROM      YEAR
                                                  NORMAL
..................................................................
TEMPERATURE (F)
 TODAY
  MAXIMUM         80        MM 111    2011  90    -10       96
  MINIMUM         59    400 AM  49    1916  67     -8       71
  AVERAGE         70                        78     -8       84

PRECIPITATION (IN)
  TODAY            T             2.30 1935   0.06  -0.06     0.00
  MONTH TO DATE    0.52                      1.17  -0.65     1.48
  SINCE MAR 1      2.17                      2.29  -0.12     3.82
  SINCE JAN 1      2.46                      4.13  -1.67     4.79

SNOWFALL (IN)
  TODAY            0.0
  MONTH TO DATE    0.0
  SINCE MAR 1      0.0
  SINCE JUL 1      1.3
  SNOW DEPTH       0

DEGREE DAYS
 HEATING
  TODAY            0                         0      0        0
  MONTH TO DATE    2                        12    -10        0
  SINCE MAR 1      9                        81    -72       16
  SINCE JUL 1    845                       925    -80      396

 COOLING
  TODAY            5                        13     -8       19
  MONTH TO DATE  268                       286    -18      326
  SINCE MAR 1    545                       459     86      602
  SINCE JAN 1    679                       544    135      908
..................................................................


WIND (MPH)
  HIGHEST WIND SPEED    MM   HIGHEST WIND DIRECTION    MM
  HIGHEST GUST SPEED    MM   HIGHEST GUST DIRECTION    MM


SKY COVER
  POSSIBLE SUNSHINE  MM
  AVERAGE SKY COVER 0.8


WEATHER CONDITIONS
 THE FOLLOWING WEATHER WAS RECORDED TODAY.
  LIGHT RAIN
  FOG


RELATIVE HUMIDITY (PERCENT)
 HIGHEST    93           400 AM
 LOWEST     60           300 PM
 AVERAGE    77

..........................................................


THE LAREDO CLIMATE NORMALS FOR TOMORROW
                         NORMAL    RECORD    YEAR
 MAXIMUM TEMPERATURE (F)   90       109      2014
 MINIMUM TEMPERATURE (F)   67        46      1928


SUNRISE AND SUNSET
APRIL 26 2018.........SUNRISE   703 AM CDT   SUNSET   809 PM CDT
APRIL 27 2018.........SUNRISE   702 AM CDT   SUNSET   809 PM CDT


-  INDICATES NEGATIVE NUMBERS.
R  INDICATES RECORD WAS SET OR TIED.
MM INDICATES DATA IS MISSING.
T  INDICATES TRACE AMOUNT.




$$
