000
CDUS41 KRNK 200930
CLILYH


CLIMATE REPORT
NATIONAL WEATHER SERVICE BLACKSBURG VA
529 AM EDT SUN MAY 20 2018


...................................

...THE LYNCHBURG VA CLIMATE SUMMARY FOR MAY 19 2018...

CLIMATE NORMAL PERIOD 1981 TO 2010
CLIMATE RECORD PERIOD 1893 TO 2018


WEATHER ITEM   OBSERVED TIME   RECORD YEAR NORMAL DEPARTURE LAST
                VALUE   (LST)  VALUE       VALUE  FROM      YEAR
                                                  NORMAL
..................................................................
TEMPERATURE (F)
 YESTERDAY
  MAXIMUM         74    552 PM  93    1962  76     -2       87
                                      1911
  MINIMUM         57    715 AM  34    2002  52      5       64
  AVERAGE         66                        64      2       76

PRECIPITATION (IN)
  YESTERDAY        0.35          2.15 1894   0.12   0.23      T
  MONTH TO DATE    4.84                      2.19   2.65     3.63
  SINCE MAR 1     12.71                      9.08   3.63    10.47
  SINCE JAN 1     21.37                     15.15   6.22    14.85

SNOWFALL (IN)
  YESTERDAY        0.0                                       0.0
  MONTH TO DATE    0.0                                       0.0
  SINCE MAR 1      8.2                                        T
  SINCE JUL 1     13.9                                       5.9
  SNOW DEPTH       0

DEGREE DAYS
 HEATING
  YESTERDAY        0                         3     -3        0
  MONTH TO DATE   10                        92    -82       82
  SINCE MAR 1   1091                       991    100      781
  SINCE JUL 1   4319                      4415    -96     3490

 COOLING
  YESTERDAY        1                         2     -1       11
  MONTH TO DATE   85                        27     58       37
  SINCE MAR 1     96                        45     51       89
  SINCE JAN 1     96                        45     51       90
..................................................................


WIND (MPH)
  HIGHEST WIND SPEED    15   HIGHEST WIND DIRECTION    NE (40)
  HIGHEST GUST SPEED    20   HIGHEST GUST DIRECTION    NE (40)
  AVERAGE WIND SPEED     7.7


SKY COVER
  AVERAGE SKY COVER 1.0


WEATHER CONDITIONS
 THE FOLLOWING WEATHER WAS RECORDED YESTERDAY.
  THUNDERSTORM
  HEAVY RAIN
  RAIN
  LIGHT RAIN
  FOG


RELATIVE HUMIDITY (PERCENT)
 HIGHEST   100          1200 AM
 LOWEST     84           500 PM
 AVERAGE    92

..........................................................


THE LYNCHBURG VA CLIMATE NORMALS FOR TODAY
                         NORMAL    RECORD    YEAR
 MAXIMUM TEMPERATURE (F)   76        96      1941
                                             1934
 MINIMUM TEMPERATURE (F)   52        36      2002


SUNRISE AND SUNSET
MAY 20 2018...........SUNRISE   604 AM EDT   SUNSET   823 PM EDT
MAY 21 2018...........SUNRISE   603 AM EDT   SUNSET   824 PM EDT


-  INDICATES NEGATIVE NUMBERS.
R  INDICATES RECORD WAS SET OR TIED.
MM INDICATES DATA IS MISSING.
T  INDICATES TRACE AMOUNT.

$$

RAB
