278
CDUS46 KHNX 230023
CLIMAE


CLIMATE REPORT
NATIONAL WEATHER SERVICE SAN JOAQUIN VALLEY, CA
522 PM PDT SUN APR 22 2018


...................................

...THE MADERA CA CLIMATE SUMMARY FOR APRIL 22 2018...
VALID AS OF 0400 PM LOCAL TIME.

CLIMATE NORMAL PERIOD 1981 TO 2010
CLIMATE RECORD PERIOD 1998 TO 2018


WEATHER ITEM   OBSERVED TIME   RECORD YEAR NORMAL DEPARTURE LAST
                VALUE   (LST)  VALUE       VALUE  FROM      YEAR
                                                  NORMAL
..................................................................
TEMPERATURE (F)
 TODAY
  MAXIMUM         86    321 PM  97    2009  77      9       80
  MINIMUM         50    526 AM  35    2008  46      4       49
  AVERAGE         68                        61      7       65

PRECIPITATION (IN)
  TODAY            0.00          0.17 2007   0.04  -0.04     0.00
  MONTH TO DATE    0.71                      0.72  -0.01     0.47
  SINCE OCT 1      7.22                     10.83  -3.61    14.17
  SINCE JAN 1      6.81                      7.10  -0.29    10.10

SNOWFALL (IN)
  TODAY            0.0
  MONTH TO DATE    0.0
  SINCE MAR 1      0.0
  SINCE JUL 1      0.0
  SNOW DEPTH       0

DEGREE DAYS
 HEATING
  TODAY            0                                         0
  MONTH TO DATE  107                                       107
  SINCE MAR 1    412                                       349
  SINCE JUL 1   2109                                      2028

 COOLING
  TODAY            3                                         0
  MONTH TO DATE    7                                         2
  SINCE MAR 1      9                                         8
  SINCE JAN 1      9                                         8
..................................................................


WIND (MPH)
  HIGHEST WIND SPEED    12   HIGHEST WIND DIRECTION     W (290)
  HIGHEST GUST SPEED    16   HIGHEST GUST DIRECTION    NW (320)
  AVERAGE WIND SPEED     2.2




RELATIVE HUMIDITY (PERCENT)
 HIGHEST    96
 LOWEST     34
 AVERAGE    65

..........................................................


THE MADERA CA CLIMATE NORMALS FOR TOMORROW
                         NORMAL    RECORD    YEAR
 MAXIMUM TEMPERATURE (F)   77        88      2002
 MINIMUM TEMPERATURE (F)   46        39      1999


SUNRISE AND SUNSET
APRIL 22 2018.........SUNRISE   617 AM PDT   SUNSET   742 PM PDT
APRIL 23 2018.........SUNRISE   616 AM PDT   SUNSET   742 PM PDT


-  INDICATES NEGATIVE NUMBERS.
R  INDICATES RECORD WAS SET OR TIED.
MM INDICATES DATA IS MISSING.
T  INDICATES TRACE AMOUNT.




$$
