000
CDUS42 KFFC 280032
CLIMCN


CLIMATE REPORT
NATIONAL WEATHER SERVICE PEACHTREE CITY GA
832 PM EDT SUN MAY 27 2018


...................................

...THE MACON CLIMATE SUMMARY FOR MAY 27 2018...
VALID AS OF 0800 PM LOCAL TIME.

CLIMATE NORMAL PERIOD 1981 TO 2010
CLIMATE RECORD PERIOD 1899 TO 2018


WEATHER ITEM   OBSERVED TIME   RECORD YEAR NORMAL DEPARTURE LAST
                VALUE   (LST)  VALUE       VALUE  FROM      YEAR
                                                  NORMAL
..................................................................
TEMPERATURE (F)
 TODAY
  MAXIMUM         83   1252 PM  99    1953  87     -4       89
  MINIMUM         68    523 AM  45    1961  63      5       61
  AVERAGE         76                        75      1       75

PRECIPITATION (IN)
  TODAY            0.11          1.44 1912   0.10   0.01     0.00
  MONTH TO DATE    5.51                      2.27   3.24     6.07
  SINCE MAR 1     13.15                      9.78   3.37    10.53
  SINCE JAN 1     18.78                     18.38   0.40    23.73

DEGREE DAYS
 COOLING
  TODAY           11                        10      1       10
  MONTH TO DATE  256                       185     71      182
  SINCE MAR 1    300                       266     34      382
  SINCE JAN 1    351                       269     82      393
..................................................................


WIND (MPH)
  HIGHEST WIND SPEED    16   HIGHEST WIND DIRECTION     E (90)
  HIGHEST GUST SPEED    21   HIGHEST GUST DIRECTION     E (100)
  AVERAGE WIND SPEED     5.6


SKY COVER
  AVERAGE SKY COVER 0.4


WEATHER CONDITIONS
 THE FOLLOWING WEATHER WAS RECORDED TODAY.
  HEAVY RAIN
  LIGHT RAIN
  FOG


RELATIVE HUMIDITY (PERCENT)
 HIGHEST   100           200 AM
 LOWEST     63           100 PM

..........................................................


THE MACON CLIMATE NORMALS FOR TOMORROW
                         NORMAL    RECORD
 MAXIMUM TEMPERATURE (F)   88        99
 MINIMUM TEMPERATURE (F)   63        46


SUNRISE AND SUNSET
MAY 27 2018...........SUNRISE   629 AM EDT   SUNSET   835 PM EDT
MAY 28 2018...........SUNRISE   629 AM EDT   SUNSET   835 PM EDT


-  INDICATES NEGATIVE NUMBERS.
R  INDICATES RECORD WAS SET OR TIED.
MM INDICATES DATA IS MISSING.
T  INDICATES TRACE AMOUNT.




$$
