000
CDUS42 KMLB 250626
CLIMCO


CLIMATE REPORT
NATIONAL WEATHER SERVICE MELBOURNE FL
226 AM EDT FRI MAY 25 2018


...................................

...THE ORLANDO INTL CLIMATE SUMMARY FOR MAY 24 2018...

CLIMATE NORMAL PERIOD 1981 TO 2010
CLIMATE RECORD PERIOD 1892 TO 2018


WEATHER ITEM   OBSERVED TIME   RECORD YEAR NORMAL DEPARTURE LAST
                VALUE   (LST)  VALUE       VALUE  FROM      YEAR
                                                  NORMAL
..................................................................
TEMPERATURE (F)
 YESTERDAY
  MAXIMUM         91    208 PM  97    1956  89      2       89
                                      1953
                                      1938
  MINIMUM         71    544 AM  56    1919  68      3       69
                                      1893
  AVERAGE         81                        79      2       79

PRECIPITATION (IN)
  YESTERDAY        0.00          1.32 1991   0.15  -0.15     0.49
  MONTH TO DATE    5.49                      2.26   3.23     2.08
  SINCE MAR 1      8.46                      8.71  -0.25     2.18
  SINCE JAN 1     10.92                     13.44  -2.52     5.11

SNOWFALL (IN)
  YESTERDAY        0.0
  MONTH TO DATE    0.0
  SINCE JUL 1      0.0

DEGREE DAYS
 HEATING
  YESTERDAY        0                         0      0        0
  MONTH TO DATE    0                         0      0        0
  SINCE MAR 1     83                        71     12       40
  SINCE JUL 1    467                       570   -103      209

 COOLING
  YESTERDAY       16                        14      2       14
  MONTH TO DATE  282                       279      3      290
  SINCE MAR 1    623                       596     27      743
  SINCE JAN 1    870                       700    170      944
..................................................................


WIND (MPH)
  HIGHEST WIND SPEED    18   HIGHEST WIND DIRECTION     E (100)
  HIGHEST GUST SPEED    23   HIGHEST GUST DIRECTION     E (110)
  AVERAGE WIND SPEED     6.1


SKY COVER
  AVERAGE SKY COVER 0.4


WEATHER CONDITIONS
 THE FOLLOWING WEATHER WAS RECORDED YESTERDAY.
  FOG


RELATIVE HUMIDITY (PERCENT)
 HIGHEST   100           100 AM
 LOWEST     47           200 PM
 AVERAGE    74

..........................................................


THE ORLANDO INTL CLIMATE NORMALS FOR TODAY
                         NORMAL    RECORD    YEAR
 MAXIMUM TEMPERATURE (F)   90        98      1962
 MINIMUM TEMPERATURE (F)   69        53      1931


SUNRISE AND SUNSET
MAY 25 2018...........SUNRISE   630 AM EDT   SUNSET   815 PM EDT
MAY 26 2018...........SUNRISE   630 AM EDT   SUNSET   815 PM EDT


-  INDICATES NEGATIVE NUMBERS.
R  INDICATES RECORD WAS SET OR TIED.
MM INDICATES DATA IS MISSING.
T  INDICATES TRACE AMOUNT.




$$
