000
CDUS41 KCTP 210631
CLIMDT


CLIMATE REPORT
NATIONAL WEATHER SERVICE STATE COLLEGE PA
231 AM EDT SAT APR 21 2018


...................................

...THE HARRISBURG PA CLIMATE SUMMARY FOR APRIL 20 2018...

CLIMATE NORMAL PERIOD 1981 TO 2010
CLIMATE RECORD PERIOD 1888 TO 2018


WEATHER ITEM   OBSERVED TIME   RECORD YEAR NORMAL DEPARTURE LAST
                VALUE   (LST)  VALUE       VALUE  FROM      YEAR
                                                  NORMAL
..................................................................
TEMPERATURE (F)
 YESTERDAY
  MAXIMUM         57    516 PM  92    1941  64     -7       77
  MINIMUM         36    555 AM  26    1904  43     -7       56
                                      1897
  AVERAGE         47                        54     -7       67

PRECIPITATION (IN)
  YESTERDAY        0.00          1.80 1940   0.11  -0.11     0.07
  MONTH TO DATE    2.76                      2.06   0.70     1.96
  SINCE MAR 1      5.73                      5.43   0.30     6.68
  SINCE JAN 1     15.17                     10.70   4.47    11.06

SNOWFALL (IN)
  YESTERDAY        0.0           0.4  1983   0.1   -0.1      0.0
  MONTH TO DATE    3.9                       0.4    3.5      0.0
  SINCE MAR 1     19.9                       5.6   14.3     18.4
  SINCE JUL 1     38.0                      30.6    7.4     23.9
  SNOW DEPTH       0

DEGREE DAYS
 HEATING
  YESTERDAY       18                        11      7        0
  MONTH TO DATE  376                       295     81      167
  SINCE MAR 1   1189                      1018    171      929
  SINCE JUL 1   4894                      5006   -112     4167

 COOLING
  YESTERDAY        0                         0      0        2
  MONTH TO DATE   12                         0     12        7
  SINCE MAR 1     12                         1     11        7
  SINCE JAN 1     12                         1     11        7
..................................................................


WIND (MPH)
  HIGHEST WIND SPEED    22   HIGHEST WIND DIRECTION    NW (320)
  HIGHEST GUST SPEED    27   HIGHEST GUST DIRECTION    NW (320)
  AVERAGE WIND SPEED    11.6


SKY COVER
  POSSIBLE SUNSHINE  MM
  AVERAGE SKY COVER 0.4


WEATHER CONDITIONS
 THE FOLLOWING WEATHER WAS RECORDED YESTERDAY.
  NO SIGNIFICANT WEATHER WAS OBSERVED.


RELATIVE HUMIDITY (PERCENT)
 HIGHEST    56           500 AM
 LOWEST     30           600 PM
 AVERAGE    43

..........................................................


THE HARRISBURG PA CLIMATE NORMALS FOR TODAY
                         NORMAL    RECORD    YEAR
 MAXIMUM TEMPERATURE (F)   65        89      1985
 MINIMUM TEMPERATURE (F)   44        30      1956


SUNRISE AND SUNSET
APRIL 21 2018.........SUNRISE   620 AM EDT   SUNSET   752 PM EDT
APRIL 22 2018.........SUNRISE   619 AM EDT   SUNSET   753 PM EDT


-  INDICATES NEGATIVE NUMBERS.
R  INDICATES RECORD WAS SET OR TIED.
MM INDICATES DATA IS MISSING.
T  INDICATES TRACE AMOUNT.




$$
