000
CDUS44 KMEG 200641
CLIMEM


CLIMATE REPORT
NATIONAL WEATHER SERVICE MEMPHIS TN
139 AM CDT FRI APR 20 2018


...................................

...THE MEMPHIS CLIMATE SUMMARY FOR APRIL 19 2018...

CLIMATE NORMAL PERIOD 1981 TO 2010
CLIMATE RECORD PERIOD 1872 TO 2018


WEATHER ITEM   OBSERVED TIME   RECORD YEAR NORMAL DEPARTURE LAST
                VALUE   (LST)  VALUE       VALUE  FROM      YEAR
                                                  NORMAL
..................................................................
TEMPERATURE (F)
 YESTERDAY
  MAXIMUM         57   1205 AM  89    2006  74    -17       85
  MINIMUM         42    537 AM  33    1953  54    -12       65
  AVERAGE         50                        64    -14       75

PRECIPITATION (IN)
  YESTERDAY        0.00          3.26 1894   0.19  -0.19     0.00
  MONTH TO DATE    3.77                      3.45   0.32     1.73
  SINCE MAR 1      8.21                      8.61  -0.40     5.34
  SINCE JAN 1     25.66                     16.98   8.68    11.00

SNOWFALL (IN)
  YESTERDAY        0.0          MM      MM   0.0    0.0      0.0
  MONTH TO DATE    0.0                       0.0    0.0      0.0
  SINCE MAR 1      0.0                       0.4   -0.4       T
  SINCE JUL 1      2.5                       3.8   -1.3      2.0
  SNOW DEPTH       0

DEGREE DAYS
 HEATING
  YESTERDAY       15                         4     11        0
  MONTH TO DATE  218                       108    110       31
  SINCE MAR 1    551                       466     85      311
  SINCE JUL 1   2970                      2916     54     2010

 COOLING
  YESTERDAY        0                         3     -3       10
  MONTH TO DATE   12                        39    -27       71
  SINCE MAR 1     16                        56    -40      109
  SINCE JAN 1     30                        59    -29      131
..................................................................


WIND (MPH)
  HIGHEST WIND SPEED    24   HIGHEST WIND DIRECTION     N (340)
  HIGHEST GUST SPEED    31   HIGHEST GUST DIRECTION     N (360)
  AVERAGE WIND SPEED    12.8


SKY COVER
  POSSIBLE SUNSHINE  MM
  AVERAGE SKY COVER 0.3


WEATHER CONDITIONS
 THE FOLLOWING WEATHER WAS RECORDED YESTERDAY.
  NO SIGNIFICANT WEATHER WAS OBSERVED.


RELATIVE HUMIDITY (PERCENT)
 HIGHEST    60           900 PM
 LOWEST     38           200 PM
 AVERAGE    49

..........................................................


THE MEMPHIS CLIMATE NORMALS FOR TODAY
                         NORMAL    RECORD    YEAR
 MAXIMUM TEMPERATURE (F)   74        92      1987
 MINIMUM TEMPERATURE (F)   54        38      1953
                                             1904


SUNRISE AND SUNSET
APRIL 20 2018.........SUNRISE   622 AM CDT   SUNSET   737 PM CDT
APRIL 21 2018.........SUNRISE   620 AM CDT   SUNSET   737 PM CDT


-  INDICATES NEGATIVE NUMBERS.
R  INDICATES RECORD WAS SET OR TIED.
MM INDICATES DATA IS MISSING.
T  INDICATES TRACE AMOUNT.




$$
