000
CDUS44 KBRO 200641
CLIMFE


CLIMATE REPORT
NATIONAL WEATHER SERVICE BROWNSVILLE TX
139 AM CDT FRI APR 20 2018


...................................

...THE MCALLEN CLIMATE SUMMARY FOR APRIL 19 2018...

CLIMATE NORMAL PERIOD 1981 TO 2010
CLIMATE RECORD PERIOD 1961 TO 2018


WEATHER ITEM   OBSERVED TIME   RECORD YEAR NORMAL DEPARTURE LAST
                VALUE   (LST)  VALUE       VALUE  FROM      YEAR
                                                  NORMAL
..................................................................
TEMPERATURE (F)
 YESTERDAY
  MAXIMUM         86    228 PM 100    1987  88     -2       93
                                      1973
  MINIMUM         70   1139 PM  53    2008  67      3       68
  AVERAGE         78                        77      1

PRECIPITATION (IN)
  YESTERDAY        T             0.14 1965   0.06  -0.06     0.00
  MONTH TO DATE    1.01                      0.71   0.30     0.73
  SINCE MAR 1      1.12                      1.74  -0.62     3.25
  SINCE JAN 1      2.32                      3.90  -1.58     4.88

SNOWFALL (IN)
  YESTERDAY        0.0
  MONTH TO DATE    0.0
  SINCE MAR 1      0.0
  SINCE JUL 1      0.3
  SNOW DEPTH       0

DEGREE DAYS
 HEATING
  YESTERDAY        0                         0      0        0
  MONTH TO DATE    0                         3     -3        0
  SINCE MAR 1      0                        41    -41        1
  SINCE JUL 1    550                       574    -24      189

 COOLING
  YESTERDAY       13                        12      1       16
  MONTH TO DATE  224                       209     15      287
  SINCE MAR 1    598                       427    171      648
  SINCE JAN 1    864                       586    278     1129
..................................................................


WIND (MPH)
  HIGHEST WIND SPEED    21   HIGHEST WIND DIRECTION    NE (60)
  HIGHEST GUST SPEED    27   HIGHEST GUST DIRECTION    NE (60)
  AVERAGE WIND SPEED    10.4



WEATHER CONDITIONS
 THE FOLLOWING WEATHER WAS RECORDED YESTERDAY.
  LIGHT RAIN


RELATIVE HUMIDITY (PERCENT)
 HIGHEST    87
 LOWEST     45
 AVERAGE    66

..........................................................


THE MCALLEN CLIMATE NORMALS FOR TODAY
                         NORMAL    RECORD    YEAR
 MAXIMUM TEMPERATURE (F)   88        99      1966
 MINIMUM TEMPERATURE (F)   67        50      2013


SUNRISE AND SUNSET
APRIL 20 2018.........SUNRISE   705 AM CDT   SUNSET   759 PM CDT
APRIL 21 2018.........SUNRISE   704 AM CDT   SUNSET   800 PM CDT


-  INDICATES NEGATIVE NUMBERS.
R  INDICATES RECORD WAS SET OR TIED.
MM INDICATES DATA IS MISSING.
T  INDICATES TRACE AMOUNT.

$$
