000
CDUS46 KMFR 200827
CLIMFR


CLIMATE REPORT
NATIONAL WEATHER SERVICE MEDFORD, OR
127 AM PDT SUN MAY 20 2018


...................................

...THE MEDFORD OR CLIMATE SUMMARY FOR MAY 19 2018...

CLIMATE NORMAL PERIOD 1981 TO 2010
CLIMATE RECORD PERIOD 1911 TO 2018


WEATHER ITEM   OBSERVED TIME   RECORD YEAR NORMAL DEPARTURE LAST
                VALUE   (LST)  VALUE       VALUE  FROM      YEAR
                                                  NORMAL
..................................................................
TEMPERATURE (F)
 YESTERDAY
  MAXIMUM         81        MM  95    2008  74      7       84
  MINIMUM         48        MM  33    1911  47      1       45
  AVERAGE         65                        60      5       65

PRECIPITATION (IN)
  YESTERDAY        0.00          0.85 1992   0.04  -0.04     0.00
  MONTH TO DATE    0.55                      0.82  -0.27     0.58
  SINCE OCT 1     10.56                     15.99  -5.43    24.27
  SINCE JAN 1      5.95                      8.35  -2.40    12.58

SNOWFALL (IN)
  YESTERDAY        0.0                       0.0    0.0      0.0
  MONTH TO DATE    0.0                       0.0    0.0      0.0
  SINCE JUL 1      4.2                       4.1    0.1     11.8
  SNOW DEPTH       0

DEGREE DAYS
 HEATING
  YESTERDAY        0                         6     -6        0
  MONTH TO DATE   47                       142    -95      128
  SINCE MAR 1    957                      1027    -70      971
  SINCE JUL 1   4050                      4141    -91     4016

 COOLING
  YESTERDAY        0                         1     -1        0
  MONTH TO DATE   21                        18      3       20
  SINCE MAR 1     29                        21      8       20
  SINCE JAN 1     29                        21      8       20
..................................................................


WIND (MPH)
  HIGHEST WIND SPEED    16   HIGHEST WIND DIRECTION     N (360)
  HIGHEST GUST SPEED    16   HIGHEST GUST DIRECTION     N (340)
  AVERAGE WIND SPEED     5.3


SKY COVER
  POSSIBLE SUNSHINE  MM
  AVERAGE SKY COVER 0.2


WEATHER CONDITIONS
 THE FOLLOWING WEATHER WAS RECORDED YESTERDAY.
  NO SIGNIFICANT WEATHER WAS OBSERVED.


RELATIVE HUMIDITY (PERCENT)
 HIGHEST    86           500 AM
 LOWEST     25           600 PM
 AVERAGE    56

..........................................................


THE MEDFORD OR CLIMATE NORMALS FOR TODAY
                         NORMAL    RECORD    YEAR
 MAXIMUM TEMPERATURE (F)   75        93      1963
 MINIMUM TEMPERATURE (F)   47        33      1976


SUNRISE AND SUNSET
MAY 20 2018...........SUNRISE   545 AM PDT   SUNSET   831 PM PDT
MAY 21 2018...........SUNRISE   544 AM PDT   SUNSET   832 PM PDT


-  INDICATES NEGATIVE NUMBERS.
R  INDICATES RECORD WAS SET OR TIED.
MM INDICATES DATA IS MISSING.
T  INDICATES TRACE AMOUNT.




$$
