860
CDUS44 KMEG 200641
CLIMKL


CLIMATE REPORT
NATIONAL WEATHER SERVICE MEMPHIS TN
139 AM CDT FRI APR 20 2018


...................................

...THE JACKSON CLIMATE SUMMARY FOR APRIL 19 2018...

CLIMATE NORMAL PERIOD 1981 TO 2010
CLIMATE RECORD PERIOD 1948 TO 2018


WEATHER ITEM   OBSERVED TIME   RECORD YEAR NORMAL DEPARTURE LAST
                VALUE   (LST)  VALUE       VALUE  FROM      YEAR
                                                  NORMAL
..................................................................
TEMPERATURE (F)
 YESTERDAY
  MAXIMUM         56    424 PM  89    1971  73    -17       85
  MINIMUM         41   1159 PM  31    1983  49     -8       59
                                      1953
  AVERAGE         49                        61    -12       72

PRECIPITATION (IN)
  YESTERDAY        0.00          5.20 1973   0.17  -0.17     0.00
                                      2099
  MONTH TO DATE    3.13                      2.98   0.15     1.39
  SINCE MAR 1      7.59                      7.73  -0.14     9.06
  SINCE JAN 1     26.30                     15.97  10.33    13.89

DEGREE DAYS
 HEATING
  YESTERDAY       16                         6     10        0
  MONTH TO DATE  246                       150     96       47
  SINCE MAR 1    681                       594     87      406
  SINCE JUL 1   3424                      3478    -54     2446

 COOLING
  YESTERDAY        0                         2     -2        7
  MONTH TO DATE   14                        24    -10       53
  SINCE MAR 1     15                        34    -19       66
  SINCE JAN 1     33                        35     -2       68
..................................................................


WIND (MPH)
  HIGHEST WIND SPEED    22   HIGHEST WIND DIRECTION     N (360)
  HIGHEST GUST SPEED    28   HIGHEST GUST DIRECTION     N (10)
  AVERAGE WIND SPEED    11.4


SKY COVER
  POSSIBLE SUNSHINE  MM
  AVERAGE SKY COVER 0.2


WEATHER CONDITIONS
 THE FOLLOWING WEATHER WAS RECORDED YESTERDAY.
  NO SIGNIFICANT WEATHER WAS OBSERVED.


RELATIVE HUMIDITY (PERCENT)
 HIGHEST    70          1100 PM
 LOWEST     41           100 PM
 AVERAGE    56

..........................................................


THE JACKSON CLIMATE NORMALS FOR TODAY
                         NORMAL    RECORD    YEAR
 MAXIMUM TEMPERATURE (F)   73        90      1987
 MINIMUM TEMPERATURE (F)   49        29      1983


SUNRISE AND SUNSET
APRIL 20 2018.........SUNRISE   617 AM CDT   SUNSET   733 PM CDT
APRIL 21 2018.........SUNRISE   615 AM CDT   SUNSET   734 PM CDT


-  INDICATES NEGATIVE NUMBERS.
R  INDICATES RECORD WAS SET OR TIED.
MM INDICATES DATA IS MISSING.
T  INDICATES TRACE AMOUNT.




$$
