507
CDUS45 KBYZ 202221
CLIMLS


CLIMATE REPORT
NATIONAL WEATHER SERVICE BILLINGS MT
421 PM MDT SUN MAY 20 2018


...................................

...THE MILES CITY MT CLIMATE SUMMARY FOR MAY 20 2018...
VALID TODAY AS OF 0400 PM LOCAL TIME.

CLIMATE NORMAL PERIOD 1981 TO 2010
CLIMATE RECORD PERIOD 1937 TO 2018


WEATHER ITEM   OBSERVED TIME   RECORD YEAR NORMAL DEPARTURE LAST
                VALUE   (LST)  VALUE       VALUE  FROM      YEAR
                                                  NORMAL
..................................................................
TEMPERATURE (F)
 TODAY
  MAXIMUM         71    259 PM  99    1964  70      1       68
  MINIMUM         43    250 AM  30    2003  45     -2       37
  AVERAGE         57                        57      0       53

PRECIPITATION (IN)
  TODAY            0.00          1.35 2011   0.07  -0.07     0.00
  MONTH TO DATE    2.75                      1.31   1.44     0.35
  SINCE OCT 1      8.44                      5.43   3.01     3.45
  SINCE JAN 1      7.25                      3.83   3.42     2.36

DEGREE DAYS
 HEATING
  TODAY            8                         9     -1       12
  MONTH TO DATE  152                       226    -74      170
  SINCE MAR 1   2048                      1738    310     1469
  SINCE JUL 1   8314                      7472    842     7021

 COOLING
  TODAY            0                         1     -1        0
  MONTH TO DATE    8                         7      1       16
  SINCE MAR 1      8                         8      0       16
  SINCE JAN 1      8                         8      0       16
..................................................................


WIND (MPH)
  HIGHEST WIND SPEED    26   HIGHEST WIND DIRECTION     S (160)
  HIGHEST GUST SPEED    33   HIGHEST GUST DIRECTION     S (160)
  AVERAGE WIND SPEED    12.6


SKY COVER
  POSSIBLE SUNSHINE  MM
  AVERAGE SKY COVER 0.0


WEATHER CONDITIONS
 THE FOLLOWING WEATHER WAS RECORDED TODAY.
  NO SIGNIFICANT WEATHER WAS OBSERVED.


RELATIVE HUMIDITY (PERCENT)
 HIGHEST    83           300 AM
 LOWEST     38           200 PM
 AVERAGE    61

..........................................................


THE MILES CITY MT CLIMATE NORMALS FOR TOMORROW
                         NORMAL    RECORD    YEAR
 MAXIMUM TEMPERATURE (F)   70        96      1980
 MINIMUM TEMPERATURE (F)   45        29      1963


SUNRISE AND SUNSET
MAY 20 2018...........SUNRISE   524 AM MDT   SUNSET   836 PM MDT
MAY 21 2018...........SUNRISE   523 AM MDT   SUNSET   838 PM MDT


-  INDICATES NEGATIVE NUMBERS.
R  INDICATES RECORD WAS SET OR TIED.
MM INDICATES DATA IS MISSING.
T  INDICATES TRACE AMOUNT.




$$
