818
CDUS46 KPQR 242321
CLIMMV


CLIMATE REPORT
NATIONAL WEATHER SERVICE PORTLAND OREGON
421 PM PDT TUE APR 24 2018


...................................

...THE MCMINNVILLE OR CLIMATE SUMMARY FOR APRIL 24 2018...
VALID TODAY AS OF 0400 PM LOCAL TIME.

CLIMATE NORMAL PERIOD 1981 TO 2010
CLIMATE RECORD PERIOD 1894 TO 2018


WEATHER ITEM   OBSERVED TIME   RECORD YEAR NORMAL DEPARTURE LAST
                VALUE   (LST)  VALUE       VALUE  FROM      YEAR
                                                  NORMAL
..................................................................
TEMPERATURE (F)
 TODAY
  MAXIMUM         82    251 PM  85    1923  63     19       59
  MINIMUM         48    459 AM  27    1955  40      8       46
  AVERAGE         65                        51     14       53

PRECIPITATION (IN)
  TODAY            0.00                      0.08  -0.08     0.28
  MONTH TO DATE    4.63                      2.46   2.17     3.42
  SINCE OCT 1     31.22                     33.06  -1.84    49.53
  SINCE JAN 1     15.68                     17.03  -1.35    25.72

DEGREE DAYS
 HEATING
  TODAY            0                                        12
  MONTH TO DATE  366                                       357
  SINCE MAR 1    986                                       894
  SINCE JUL 1   3943                                      4190

 COOLING
  TODAY            0                                         0
  MONTH TO DATE    0                                         0
  SINCE MAR 1      0                                         0
  SINCE JAN 1      0                                         0
..................................................................


WIND (MPH)
  HIGHEST WIND SPEED    14   HIGHEST WIND DIRECTION    NE (50)
  HIGHEST GUST SPEED    18   HIGHEST GUST DIRECTION    NE (50)
  AVERAGE WIND SPEED     9.4


SKY COVER
  POSSIBLE SUNSHINE  MM
  AVERAGE SKY COVER 0.0


WEATHER CONDITIONS
 THE FOLLOWING WEATHER WAS RECORDED TODAY.
  NO SIGNIFICANT WEATHER WAS OBSERVED.


RELATIVE HUMIDITY (PERCENT)
 HIGHEST    48           600 AM
 LOWEST     21           200 PM
 AVERAGE    35

..........................................................


THE MCMINNVILLE OR CLIMATE NORMALS FOR TOMORROW
                         NORMAL    RECORD    YEAR
 MAXIMUM TEMPERATURE (F)   63        83      1923
 MINIMUM TEMPERATURE (F)   40        29      1955


SUNRISE AND SUNSET
APRIL 24 2018.........SUNRISE   512 AM PST   SUNSET   710 PM PST
APRIL 25 2018.........SUNRISE   510 AM PST   SUNSET   711 PM PST


-  INDICATES NEGATIVE NUMBERS.
R  INDICATES RECORD WAS SET OR TIED.
MM INDICATES DATA IS MISSING.
T  INDICATES TRACE AMOUNT.




$$
