557
CDUS41 KLWX 240526
CLIMRB


CLIMATE REPORT
NATIONAL WEATHER SERVICE BALTIMORE MD/WASHINGTON DC
126 AM EDT TUE APR 24 2018


...................................

...THE MARTINSBURG WV CLIMATE SUMMARY FOR APRIL 23 2018...

CLIMATE NORMAL PERIOD 1981 TO 2010
CLIMATE RECORD PERIOD 1926 TO 2018


WEATHER ITEM   OBSERVED TIME   NORMAL DEPARTURE LAST
                VALUE   (LST)  VALUE  FROM      YEAR
                                      NORMAL
......................................................
TEMPERATURE (F)
 YESTERDAY
  MAXIMUM         69    250 PM  67      2       62
  MINIMUM         41    520 AM  43     -2       42
  AVERAGE         55            55      0       52

PRECIPITATION (IN)
  YESTERDAY        0.00          0.11  -0.11     0.00
  MONTH TO DATE    2.84          2.54   0.30     1.87
  SINCE MAR 1      4.53          6.06  -1.53     4.65
  SINCE JAN 1     10.72         10.84  -0.12     9.03

DEGREE DAYS
 HEATING
  YESTERDAY       10            11     -1       13
  MONTH TO DATE  386           319     67      179
  SINCE MAR 1   1210          1033    177      861
  SINCE JUL 1   4775          4989   -214     3939

 COOLING
  YESTERDAY        0             0      0        0
  MONTH TO DATE   16             0     16       25
  SINCE MAR 1     16             1     15       28
  SINCE JAN 1     21             1     20       28
......................................................


WIND (MPH)
  HIGHEST WIND SPEED    17   HIGHEST WIND DIRECTION     S (160)
  HIGHEST GUST SPEED    26   HIGHEST GUST DIRECTION    SE (150)
  AVERAGE WIND SPEED     5.8


SKY COVER
  POSSIBLE SUNSHINE  MM
  AVERAGE SKY COVER 0.2


WEATHER CONDITIONS
 THE FOLLOWING WEATHER WAS RECORDED YESTERDAY.
  NO SIGNIFICANT WEATHER WAS OBSERVED.


RELATIVE HUMIDITY (PERCENT)
 HIGHEST    76           500 AM
 LOWEST     40          1200 PM
 AVERAGE    58

..........................................................


THE MARTINSBURG WV CLIMATE NORMALS FOR TODAY
                         NORMAL
 MAXIMUM TEMPERATURE (F)   67
 MINIMUM TEMPERATURE (F)   43


SUNRISE AND SUNSET
APRIL 24 2018.........SUNRISE   622 AM EDT   SUNSET   759 PM EDT
APRIL 25 2018.........SUNRISE   621 AM EDT   SUNSET   800 PM EDT


-  INDICATES NEGATIVE NUMBERS.
R  INDICATES RECORD WAS SET OR TIED.
MM INDICATES DATA IS MISSING.
T  INDICATES TRACE AMOUNT.




$$
