000
CDUS44 KHUN 200713
CLIMSL


CLIMATE REPORT
NATIONAL WEATHER SERVICE HUNTSVILLE AL
212 AM CDT SUN MAY 20 2018


...................................

...THE MUSCLE SHOALS CLIMATE SUMMARY FOR MAY 19 2018...

CLIMATE NORMAL PERIOD 1981 TO 2010
CLIMATE RECORD PERIOD 1893 TO 2018


WEATHER ITEM   OBSERVED TIME   RECORD YEAR NORMAL DEPARTURE LAST
                VALUE   (LST)  VALUE       VALUE  FROM      YEAR
                                                  NORMAL
..................................................................
TEMPERATURE (F)
 YESTERDAY
  MAXIMUM         89    242 PM  96    1962  82      7       91
  MINIMUM         66    518 AM  41    1976  60      6       68
  AVERAGE         78                        71      7       80

PRECIPITATION (IN)
  YESTERDAY        0.00          2.52 1930   0.16  -0.16     0.00
  MONTH TO DATE    1.29                      3.14  -1.85     1.18
  SINCE MAR 1     13.28                     12.25   1.03     9.95
  SINCE JAN 1     27.62                     21.52   6.10    17.19

SNOWFALL (IN)
  YESTERDAY        0.0
  MONTH TO DATE    0.0
  SINCE MAR 1      T
  SINCE JUL 1      0.6
  SNOW DEPTH      MM

DEGREE DAYS
 HEATING
  YESTERDAY        0                         1     -1        0
  MONTH TO DATE    0                        26    -26       33
  SINCE MAR 1    609                       564     45      413
  SINCE JUL 1   2957                      3099   -142     2093

 COOLING
  YESTERDAY       13                         6      7       15
  MONTH TO DATE  184                        87     97       84
  SINCE MAR 1    209                       151     58      224
  SINCE JAN 1    237                       152     85      232
..................................................................


WIND (MPH)
  HIGHEST WIND SPEED    15   HIGHEST WIND DIRECTION    NW (300)
  HIGHEST GUST SPEED    18   HIGHEST GUST DIRECTION    NW (300)
  AVERAGE WIND SPEED    MM


SKY COVER
  POSSIBLE SUNSHINE  MM
  AVERAGE SKY COVER  MM


WEATHER CONDITIONS
 THE FOLLOWING WEATHER WAS RECORDED YESTERDAY.
  NO SIGNIFICANT WEATHER WAS OBSERVED.


RELATIVE HUMIDITY (PERCENT)
 HIGHEST    MM
 LOWEST     MM
 AVERAGE    MM

..........................................................


THE MUSCLE SHOALS CLIMATE NORMALS FOR TODAY
                         NORMAL    RECORD    YEAR
 MAXIMUM TEMPERATURE (F)   82        95      1941
 MINIMUM TEMPERATURE (F)   60        42      2002
                                             1894


SUNRISE AND SUNSET
MAY 20 2018...........SUNRISE   544 AM CDT   SUNSET   750 PM CDT
MAY 21 2018...........SUNRISE   543 AM CDT   SUNSET   751 PM CDT


-  INDICATES NEGATIVE NUMBERS.
R  INDICATES RECORD WAS SET OR TIED.
MM INDICATES DATA IS MISSING.
T  INDICATES TRACE AMOUNT.




$$
