000
CDUS45 KMSO 262231
CLIMSO


CLIMATE REPORT
NATIONAL WEATHER SERVICE MISSOULA, MT
431 PM MDT THU APR 26 2018


...................................

...THE MISSOULA MT CLIMATE SUMMARY FOR APRIL 26 2018...
VALID TODAY AS OF 0400 PM LOCAL TIME.

CLIMATE NORMAL PERIOD 1981 TO 2010
CLIMATE RECORD PERIOD 1893 TO 2018


WEATHER ITEM   OBSERVED TIME   RECORD YEAR NORMAL DEPARTURE LAST
                VALUE   (LST)  VALUE       VALUE  FROM      YEAR
                                                  NORMAL
..................................................................
TEMPERATURE (F)
 TODAY
  MAXIMUM         73    208 PM  84    1916  61     12       52
  MINIMUM         33    541 AM  23    1962  34     -1       40
                                      1907
  AVERAGE         53                        48      5       46

PRECIPITATION (IN)
  TODAY            0.00          0.63 2012   0.04  -0.04     0.16
  MONTH TO DATE    1.77                      1.06   0.71     1.34
  SINCE OCT 1      8.67                      6.54   2.13    11.28
  SINCE JAN 1      4.85                      3.61   1.24     6.62

SNOWFALL (IN)
  TODAY            0.0
  MONTH TO DATE    1.6
  SINCE JAN 1     25.9
  SINCE JUL 1     53.2
  SNOW DEPTH       0

DEGREE DAYS
 HEATING
  TODAY           12                        17     -5       19
  MONTH TO DATE  596                       515     81      540
  SINCE MAR 1   1460                      1329    131     1297
  SINCE JUL 1   6857                      6698    159     7073

 COOLING
  TODAY            0                         0      0        0
  MONTH TO DATE    0                         0      0        0
  SINCE MAR 1      0                         0      0        0
  SINCE JAN 1      0                         0      0        0
..................................................................


WIND (MPH)
  HIGHEST WIND SPEED    12   HIGHEST WIND DIRECTION     E (100)
  HIGHEST GUST SPEED    13   HIGHEST GUST DIRECTION     E (100)
  AVERAGE WIND SPEED     1.2


SKY COVER
  POSSIBLE SUNSHINE  MM
  AVERAGE SKY COVER 0.0


WEATHER CONDITIONS
 THE FOLLOWING WEATHER WAS RECORDED TODAY.
  HAZE


RELATIVE HUMIDITY (PERCENT)
 HIGHEST    75           500 AM
 LOWEST     25           200 PM
 AVERAGE    50

..........................................................


THE MISSOULA MT CLIMATE NORMALS FOR TOMORROW
                         NORMAL    RECORD    YEAR
 MAXIMUM TEMPERATURE (F)   62        85      1987
 MINIMUM TEMPERATURE (F)   35        24      1955


SUNRISE AND SUNSET
APRIL 26 2018.........SUNRISE   629 AM MDT   SUNSET   840 PM MDT
APRIL 27 2018.........SUNRISE   627 AM MDT   SUNSET   841 PM MDT


-  INDICATES NEGATIVE NUMBERS.
R  INDICATES RECORD WAS SET OR TIED.
MM INDICATES DATA IS MISSING.
T  INDICATES TRACE AMOUNT.




$$
