000
CDUS43 KOAX 212203
CLIOAX


CLIMATE REPORT
NATIONAL WEATHER SERVICE OMAHA NEBRASKA
501 PM CDT MON MAY 21 2018


...................................

...THE VALLEY  NWS, NEBRASKA CLIMATE SUMMARY FOR MAY 21 2018...
VALID TODAY AS OF 0500 PM LOCAL TIME.

CLIMATE NORMAL PERIOD 1981 TO 2010
CLIMATE RECORD PERIOD 1997 TO 2018


WEATHER ITEM   OBSERVED TIME   NORMAL DEPARTURE LAST
                VALUE   (LST)  VALUE  FROM      YEAR
                                      NORMAL
......................................................
TEMPERATURE (F)
 TODAY
  MAXIMUM         75    352 PM  74      1       67
  MINIMUM         55    329 AM  54      1       43
  AVERAGE         65            64      1       55

PRECIPITATION (IN)
  TODAY            T             0.14  -0.14     0.00
  MONTH TO DATE    1.70          3.07  -1.37     7.18
  SINCE MAR 1      5.25          8.10  -2.85    13.57
  SINCE JAN 1      7.43          9.81  -2.38    15.28

SNOWFALL (IN)
  TODAY            0.0                           0.0
  MONTH TO DATE    0.0                            T
  SINCE JUL 1     24.1                          11.8
  SNOW DEPTH       0

DEGREE DAYS
 HEATING
  TODAY            0             3     -3       10
  MONTH TO DATE   45           127    -82      110
  SINCE MAR 1   1433          1394     39     1148
  SINCE JUL 1   6110          6225   -115     5025

 COOLING
  TODAY            0             3     -3        0
  MONTH TO DATE   45            31     14       51
  SINCE MAR 1     53            38     15       54
  SINCE JAN 1     53            38     15       54
......................................................


WIND (MPH)
  HIGHEST WIND SPEED    MM   HIGHEST WIND DIRECTION    MM
  HIGHEST GUST SPEED    15   HIGHEST GUST DIRECTION    MM



WEATHER CONDITIONS
 THE FOLLOWING WEATHER WAS RECORDED TODAY.
  NO SIGNIFICANT WEATHER WAS OBSERVED.


..........................................................


THE VALLEY  NWS, NEBRASKA CLIMATE NORMALS FOR TOMORROW
                         NORMAL
 MAXIMUM TEMPERATURE (F)   75
 MINIMUM TEMPERATURE (F)   54


SUNRISE AND SUNSET
MAY 21 2018...........SUNRISE   601 AM CDT   SUNSET   843 PM CDT
MAY 22 2018...........SUNRISE   601 AM CDT   SUNSET   844 PM CDT


-  INDICATES NEGATIVE NUMBERS.
R  INDICATES RECORD WAS SET OR TIED.
MM INDICATES DATA IS MISSING.
T  INDICATES TRACE AMOUNT.




$$
