000
CDUS43 KGID 230626
CLIODX


CLIMATE REPORT
NATIONAL WEATHER SERVICE HASTINGS NE
125 AM CDT WED MAY 23 2018


...................................

...THE ORD NE CLIMATE SUMMARY FOR MAY 22 2018...

CLIMATE NORMAL PERIOD 1981 TO 2010
CLIMATE RECORD PERIOD 1895 TO 2018


WEATHER ITEM   OBSERVED TIME   NORMAL DEPARTURE LAST
                VALUE   (LST)  VALUE  FROM      YEAR
                                      NORMAL
......................................................
TEMPERATURE (F)
 YESTERDAY
  MAXIMUM         85    244 PM  74     11       70
  MINIMUM         56    555 AM  49      7       42
  AVERAGE         71            61     10       56

PRECIPITATION (IN)
  YESTERDAY        0.00          0.14  -0.14     0.00
  MONTH TO DATE    4.28          2.51   1.77     2.99
  SINCE MAR 1      6.37          6.55  -0.18     9.07
  SINCE JAN 1      7.73          7.36   0.37    11.01

DEGREE DAYS
 HEATING
  YESTERDAY        0             5     -5        9
  MONTH TO DATE  128           181    -53      197
  SINCE MAR 1   1692          1517    175     1375
  SINCE JUL 1   6829          6534    295     5886

 COOLING
  YESTERDAY        6             2      4        0
  MONTH TO DATE   17            21     -4       14
  SINCE MAR 1     22            23     -1       14
  SINCE JAN 1     22            23     -1       14
......................................................


WIND (MPH)
  HIGHEST WIND SPEED    16   HIGHEST WIND DIRECTION     S (180)
  HIGHEST GUST SPEED    20   HIGHEST GUST DIRECTION     S (180)
  AVERAGE WIND SPEED     6.9


SKY COVER
  AVERAGE SKY COVER 0.2


WEATHER CONDITIONS
 THE FOLLOWING WEATHER WAS RECORDED YESTERDAY.
  NO SIGNIFICANT WEATHER WAS OBSERVED.


RELATIVE HUMIDITY (PERCENT)
 HIGHEST   100           600 AM
 LOWEST     44           600 PM
 AVERAGE    72

..........................................................


THE ORD NE CLIMATE NORMALS FOR TODAY
                         NORMAL
 MAXIMUM TEMPERATURE (F)   74
 MINIMUM TEMPERATURE (F)   50


SUNRISE AND SUNSET
MAY 23 2018...........SUNRISE   609 AM CDT   SUNSET   856 PM CDT
MAY 24 2018...........SUNRISE   609 AM CDT   SUNSET   857 PM CDT


-  INDICATES NEGATIVE NUMBERS.
R  INDICATES RECORD WAS SET OR TIED.
MM INDICATES DATA IS MISSING.
T  INDICATES TRACE AMOUNT.




$$
