000
CDUS46 KSEW 250836
CLIOLM


CLIMATE REPORT
NATIONAL WEATHER SERVICE SEATTLE WA
136 AM PDT WED APR 25 2018


...................................

...THE OLYMPIA WA AIRPORT CLIMATE SUMMARY FOR APRIL 24 2018...

CLIMATE NORMAL PERIOD 1981 TO 2010
CLIMATE RECORD PERIOD 1948 TO 2018


WEATHER ITEM   OBSERVED TIME   RECORD YEAR NORMAL DEPARTURE LAST
                VALUE   (LST)  VALUE       VALUE  FROM      YEAR
                                                  NORMAL
..................................................................
TEMPERATURE (F)
 YESTERDAY
  MAXIMUM         79R   406 PM  77    1999  61     18       52
                                      1977
  MINIMUM         33    506 AM  26    1971  39     -6       44
  AVERAGE         56                        50      6       48

PRECIPITATION (IN)
  YESTERDAY        0.00          0.97 1974   0.10  -0.10     0.34
  MONTH TO DATE    7.01                      2.97   4.04     4.83
  SINCE OCT 1     48.86                     42.06   6.80    57.27
  SINCE JAN 1     23.10                     21.37   1.73    29.17

DEGREE DAYS
 HEATING
  YESTERDAY        9                        15     -6       17
  MONTH TO DATE  414                       412      2      412
  SINCE MAR 1   1102                      1048     54     1047
  SINCE JUL 1   4672                      4770    -98     4775

 COOLING
  YESTERDAY        0                         0      0        0
  MONTH TO DATE    0                         0      0        0
  SINCE MAR 1      0                         0      0        0
  SINCE JAN 1      0                         0      0        0
..................................................................


WIND (MPH)
  RESULTANT WIND SPEED   6   RESULTANT WIND DIRECTION  NE (30)
  HIGHEST WIND SPEED    13   HIGHEST WIND DIRECTION    NE (30)
  HIGHEST GUST SPEED    17   HIGHEST GUST DIRECTION     N (20)
  AVERAGE WIND SPEED     7.5


SKY COVER
  AVERAGE SKY COVER 0.0


WEATHER CONDITIONS
 THE FOLLOWING WEATHER WAS RECORDED YESTERDAY.
  NO SIGNIFICANT WEATHER WAS OBSERVED.


RELATIVE HUMIDITY (PERCENT)
 HIGHEST    51           800 AM
 LOWEST     16           400 PM
 AVERAGE    34

..........................................................


THE OLYMPIA WA AIRPORT CLIMATE NORMALS FOR TODAY
                         NORMAL    RECORD    YEAR
 MAXIMUM TEMPERATURE (F)   61        77      1992
 MINIMUM TEMPERATURE (F)   39        27      1985


SUNRISE AND SUNSET
APRIL 25 2018.........SUNRISE   606 AM PDT   SUNSET   814 PM PDT
APRIL 26 2018.........SUNRISE   604 AM PDT   SUNSET   815 PM PDT


-  INDICATES NEGATIVE NUMBERS.
R  INDICATES RECORD WAS SET OR TIED.
MM INDICATES DATA IS MISSING.
T  INDICATES TRACE AMOUNT.




$$
