233
CDUS46 KOTX 250837
CLIOMK


CLIMATE REPORT
NATIONAL WEATHER SERVICE SPOKANE, WA
135 AM PDT FRI MAY 25 2018


...................................

...THE OMAK WA AIRPORT CLIMATE SUMMARY FOR MAY 24 2018...

CLIMATE NORMAL PERIOD 1981 TO 2010
CLIMATE RECORD PERIOD 9999 TO 9999


WEATHER ITEM   OBSERVED TIME   RECORD YEAR NORMAL DEPARTURE LAST
                VALUE   (LST)  VALUE       VALUE  FROM      YEAR
                                                  NORMAL
..................................................................
TEMPERATURE (F)
 YESTERDAY
  MAXIMUM         86    337 PM  94    1958  74     12       67
  MINIMUM         52    435 AM  31    2010  47      5       46
  AVERAGE         69                        61      8       57

PRECIPITATION (IN)
  YESTERDAY        0.00                      0.04  -0.04     0.00
  MONTH TO DATE    0.44                      0.95  -0.51     1.45
  SINCE OCT 1     12.38                     11.37   1.01    16.53
  SINCE JAN 1      9.00                      6.48   2.52    10.05

SNOWFALL (IN)
  YESTERDAY       MM

DEGREE DAYS
 HEATING
  YESTERDAY        0                         5     -5        8
  MONTH TO DATE   43                       202   -159      196
  SINCE MAR 1   1247                      1380   -133     1459
  SINCE JUL 1   5968                      6241   -273     6394

 COOLING
  YESTERDAY        4                         1      3        0
  MONTH TO DATE   29                        14     15       13
  SINCE MAR 1     29                        15     14       13
  SINCE JAN 1     29                        15     14       13
..................................................................


WIND (MPH)
  HIGHEST WIND SPEED    18   HIGHEST WIND DIRECTION     N (10)
  HIGHEST GUST SPEED    22   HIGHEST GUST DIRECTION     N (10)
  AVERAGE WIND SPEED     6.6


SKY COVER
  POSSIBLE SUNSHINE  MM
  AVERAGE SKY COVER 0.1


WEATHER CONDITIONS
 THE FOLLOWING WEATHER WAS RECORDED YESTERDAY.
  NO SIGNIFICANT WEATHER WAS OBSERVED.


RELATIVE HUMIDITY (PERCENT)
 HIGHEST    89           300 AM
 LOWEST     29           400 PM
 AVERAGE    59

..........................................................


THE OMAK WA AIRPORT CLIMATE NORMALS FOR TODAY
                         NORMAL    RECORD    YEAR
 MAXIMUM TEMPERATURE (F)   75        92      1999
 MINIMUM TEMPERATURE (F)   47        30      1964


SUNRISE AND SUNSET
MAY 25 2018...........SUNRISE   506 AM PDT   SUNSET   844 PM PDT
MAY 26 2018...........SUNRISE   505 AM PDT   SUNSET   845 PM PDT


-  INDICATES NEGATIVE NUMBERS.
R  INDICATES RECORD WAS SET OR TIED.
MM INDICATES DATA IS MISSING.
T  INDICATES TRACE AMOUNT.




$$
