353
CDUS45 KLKN 240931
CLIP68


CLIMATE REPORT
NATIONAL WEATHER SERVICE ELKO NV
231 AM PDT TUE APR 24 2018


...................................

...THE EUREKA AIRPORT NV CLIMATE SUMMARY FOR APRIL 23 2018...

CLIMATE NORMAL PERIOD 1981 TO 2010
CLIMATE RECORD PERIOD 1963 TO 2018


WEATHER ITEM   OBSERVED TIME   RECORD YEAR NORMAL DEPARTURE LAST
                VALUE   (LST)  VALUE       VALUE  FROM      YEAR
                                                  NORMAL
..................................................................
TEMPERATURE (F)
 YESTERDAY
  MAXIMUM         68    400 PM  85    2012  61      7       63
  MINIMUM         29    400 AM   8    1968  29      0       32
  AVERAGE         49                        45      4       48

PRECIPITATION (IN)
  YESTERDAY        0.00          0.46 1990   0.03  -0.03     0.00
  MONTH TO DATE    0.80                      0.73   0.07     1.83
  SINCE OCT 1      5.98                      5.39   0.59     8.29
  SINCE JAN 1      4.79                      3.26   1.53     6.20

DEGREE DAYS
 HEATING
  YESTERDAY       16                        20     -4       17
  MONTH TO DATE  461                       519    -58      489
  SINCE MAR 1   1482                      1390     92     1174
  SINCE JUL 1   6132                      6675   -543     6034

 COOLING
  YESTERDAY        0                         0      0        0
  MONTH TO DATE    0                         0      0        0
  SINCE MAR 1      0                         0      0        0
  SINCE JAN 1      0                         0      0        0
..................................................................


WIND (MPH)
  HIGHEST WIND SPEED    15   HIGHEST WIND DIRECTION     N (10)
  HIGHEST GUST SPEED    24   HIGHEST GUST DIRECTION    SE (130)
  AVERAGE WIND SPEED     5.6




RELATIVE HUMIDITY (PERCENT)
 HIGHEST    82           200 AM
 LOWEST     19           500 PM
 AVERAGE    51

..........................................................


THE EUREKA AIRPORT NV CLIMATE NORMALS FOR TODAY
                         NORMAL    RECORD    YEAR
 MAXIMUM TEMPERATURE (F)   62        79      2012
 MINIMUM TEMPERATURE (F)   30         3      1964


SUNRISE AND SUNSET
APRIL 24 2018.........SUNRISE   554 AM PDT   SUNSET   731 PM PDT
APRIL 25 2018.........SUNRISE   552 AM PDT   SUNSET   732 PM PDT


-  INDICATES NEGATIVE NUMBERS.
R  INDICATES RECORD WAS SET OR TIED.
MM INDICATES DATA IS MISSING.
T  INDICATES TRACE AMOUNT.




$$
