000
CDUS46 KPQR 231145
CLIPDX


CLIMATE REPORT
NATIONAL WEATHER SERVICE PORTLAND OREGON
444 AM PDT MON APR 23 2018


...................................

...THE PORTLAND OR CLIMATE SUMMARY FOR APRIL 22 2018...

CLIMATE NORMAL PERIOD 1981 TO 2010
CLIMATE RECORD PERIOD 1940 TO 2018


WEATHER ITEM   OBSERVED TIME   RECORD YEAR NORMAL DEPARTURE LAST
                VALUE   (LST)  VALUE       VALUE  FROM      YEAR
                                                  NORMAL
..................................................................
TEMPERATURE (F)
 YESTERDAY
  MAXIMUM         65    409 PM  82    2012  63      2       63
  MINIMUM         42    626 AM  30    1972  44     -2       50
  AVERAGE         54                        53      1       57

PRECIPITATION (IN)
  YESTERDAY        0.00          1.20 1996   0.09  -0.09     0.14
  MONTH TO DATE    3.24                      2.09   1.15     2.71
  SINCE OCT 1     27.06                     28.43  -1.37    44.21
  SINCE JAN 1     12.96                     14.31  -1.35    24.46

SNOWFALL (IN)
  YESTERDAY        0.0           T    1961
  MONTH TO DATE    T
  SINCE MAR 1      T
  SINCE JUL 1      7.6

DEGREE DAYS
 HEATING
  YESTERDAY       11                        12     -1        8
  MONTH TO DATE  289                       295     -6      307
  SINCE MAR 1    835                       817     18      837
  SINCE JUL 1   3756                      3875   -119     4042

 COOLING
  YESTERDAY        0                         0      0        0
  MONTH TO DATE    0                         0      0        0
  SINCE MAR 1      0                         0      0        0
  SINCE JAN 1      0                         0      0        0
..................................................................


WIND (MPH)
  HIGHEST WIND SPEED    16   HIGHEST WIND DIRECTION    NW (310)
  HIGHEST GUST SPEED    20   HIGHEST GUST DIRECTION    NW (310)
  AVERAGE WIND SPEED     6.6


SKY COVER
  POSSIBLE SUNSHINE  MM
  AVERAGE SKY COVER 0.2


WEATHER CONDITIONS
 THE FOLLOWING WEATHER WAS RECORDED YESTERDAY.
  NO SIGNIFICANT WEATHER WAS OBSERVED.


RELATIVE HUMIDITY (PERCENT)
 HIGHEST    83           700 AM
 LOWEST     31           300 PM
 AVERAGE    57

..........................................................


THE PORTLAND OR CLIMATE NORMALS FOR TODAY
                         NORMAL    RECORD    YEAR
 MAXIMUM TEMPERATURE (F)   63        82      2012
 MINIMUM TEMPERATURE (F)   44        34      1954


SUNRISE AND SUNSET
APRIL 23 2018.........SUNRISE   611 AM PDT   SUNSET   807 PM PDT
APRIL 24 2018.........SUNRISE   609 AM PDT   SUNSET   809 PM PDT


-  INDICATES NEGATIVE NUMBERS.
R  INDICATES RECORD WAS SET OR TIED.
MM INDICATES DATA IS MISSING.
T  INDICATES TRACE AMOUNT.




$$
