000
CDUS45 KPSR 240840
CLIPHX

CLIMATE REPORT
NATIONAL WEATHER SERVICE PHOENIX AZ
140 AM MST TUE APR 24 2018


...................................

...THE PHOENIX AZ CLIMATE SUMMARY FOR APRIL 23 2018...

CLIMATE NORMAL PERIOD 1981 TO 2010
CLIMATE RECORD PERIOD 1895 TO 2018


WEATHER ITEM   OBSERVED TIME   RECORD YEAR NORMAL DEPARTURE LAST
                VALUE   (LST)  VALUE       VALUE  FROM      YEAR
                                                  NORMAL
..................................................................
TEMPERATURE (F)
 YESTERDAY
  MAXIMUM         96    411 PM 103    2012  87      9       99
  MINIMUM         65    606 AM  40    1923  62      3       68
  AVERAGE         81                        75      6       84

PRECIPITATION (IN)
  YESTERDAY        0.00          0.57 1942   0.00   0.00     0.00
  MONTH TO DATE    0.00                      0.25  -0.25      T
  SINCE OCT 1      1.00                      5.18  -4.18     4.23
  SINCE JAN 1      0.77                      3.07  -2.30     2.40

SNOWFALL (IN)
  YESTERDAY        0.0
  MONTH TO DATE    0.0
  SINCE JAN 1      0.0
  SINCE JUL 1      0.0
  SNOW DEPTH       0

DEGREE DAYS
 HEATING
  YESTERDAY        0                         0      0        0
  MONTH TO DATE    0                        17    -17        2
  SINCE MAR 1     35                        98    -63       25
  SINCE JUL 1    499                       931   -432      693

 COOLING
  YESTERDAY       16                        10      6       19
  MONTH TO DATE  255                       171     84      239
  SINCE MAR 1    355                       258     97      444
  SINCE JAN 1    377                       275    102      464
..................................................................


WIND (MPH)
  HIGHEST WIND SPEED    15   HIGHEST WIND DIRECTION     W (270)
  HIGHEST GUST SPEED    18   HIGHEST GUST DIRECTION     W (290)
  AVERAGE WIND SPEED     5.6


SKY COVER
  AVERAGE SKY COVER 0.3


WEATHER CONDITIONS
 THE FOLLOWING WEATHER WAS RECORDED YESTERDAY.
  NO SIGNIFICANT WEATHER WAS OBSERVED.


RELATIVE HUMIDITY (PERCENT)
 HIGHEST    32           500 AM
 LOWEST      7           300 PM
 AVERAGE    20

..........................................................


THE PHOENIX AZ CLIMATE NORMALS FOR TODAY
                         NORMAL    RECORD    YEAR
 MAXIMUM TEMPERATURE (F)   88        99      1987
                                             1949
                                             1898
 MINIMUM TEMPERATURE (F)   63        41      1923


SUNRISE AND SUNSET
APRIL 24 2018.........SUNRISE   547 AM MST   SUNSET   706 PM MST
APRIL 25 2018.........SUNRISE   546 AM MST   SUNSET   706 PM MST


-  INDICATES NEGATIVE NUMBERS.
R  INDICATES RECORD WAS SET OR TIED.
MM INDICATES DATA IS MISSING.
T  INDICATES TRACE AMOUNT.

&&
.....................................................................

DEW POINT
  HIGHEST DEW POINT    36
   LOWEST DEW POINT    19
  AVERAGE DEW POINT    27
.....................................................................

$$
