000
CDUS41 KRLX 220720
CLIPKB


CLIMATE REPORT
NATIONAL WEATHER SERVICE CHARLESTON WV
320 AM EDT TUE MAY 22 2018


...................................

...THE PARKERSBURG WV CLIMATE SUMMARY FOR MAY 21 2018...

CLIMATE NORMAL PERIOD 1981 TO 2010
CLIMATE RECORD PERIOD 1889 TO 2018


WEATHER ITEM   OBSERVED TIME   RECORD YEAR NORMAL DEPARTURE LAST
                VALUE   (LST)  VALUE       VALUE  FROM      YEAR
                                                  NORMAL
..................................................................
TEMPERATURE (F)
 YESTERDAY
  MAXIMUM         85    148 PM  93    1934  75     10       72
  MINIMUM         62    533 AM  35    2002  52     10       66
  AVERAGE         74                        64     10       69

PRECIPITATION (IN)
  YESTERDAY        0.59          1.10 2001   0.14   0.45     0.20
  MONTH TO DATE    3.46                      2.82   0.64     1.93
  SINCE JAN 1     22.33                     15.47   6.86    19.93

SNOWFALL (IN)
  YESTERDAY       MM
  MONTH TO DATE   MM
  SINCE SEP 1     MM
  SNOW DEPTH      MM

DEGREE DAYS
 HEATING
  YESTERDAY        0                         4     -4        0
  MONTH TO DATE   10                       117   -107      113
  SINCE MAR 1   1282                      1133    149      932
  SINCE JUL 1   4937                      4923     14     3963

 COOLING
  YESTERDAY        9                         2      7        4
  MONTH TO DATE  119                        31     88       49
  SINCE MAR 1    139                        52     87       88
  SINCE JAN 1    145                        52     93       92
..................................................................


WIND (MPH)
  HIGHEST WIND SPEED    36   HIGHEST WIND DIRECTION    NW (300)
  HIGHEST GUST SPEED    55   HIGHEST GUST DIRECTION     W (280)
  AVERAGE WIND SPEED     4.7


SKY COVER
  POSSIBLE SUNSHINE  MM
  AVERAGE SKY COVER 0.3


WEATHER CONDITIONS
 THE FOLLOWING WEATHER WAS RECORDED YESTERDAY.
  THUNDERSTORM
  HEAVY RAIN
  LIGHT RAIN
  FOG
  FOG W/VISIBILITY <= 1/4 MILE


RELATIVE HUMIDITY (PERCENT)
 HIGHEST    93          1200 AM
 LOWEST     55           200 PM
 AVERAGE    74

..........................................................


THE PARKERSBURG WV CLIMATE NORMALS FOR TODAY
                         NORMAL    RECORD    YEAR
 MAXIMUM TEMPERATURE (F)   75        93      1941
 MINIMUM TEMPERATURE (F)   52        30      2002


SUNRISE AND SUNSET
MAY 22 2018...........SUNRISE   606 AM EDT   SUNSET   839 PM EDT
MAY 23 2018...........SUNRISE   606 AM EDT   SUNSET   840 PM EDT


-  INDICATES NEGATIVE NUMBERS.
R  INDICATES RECORD WAS SET OR TIED.
MM INDICATES DATA IS MISSING.
T  INDICATES TRACE AMOUNT.




$$
